CRAN Package Check Results for Package zipcodeR

Last updated on 2022-10-04 20:53:55 CEST.

Flavor Version Tinstall Tcheck Ttotal Status Flags
r-devel-linux-x86_64-debian-clang 0.3.4 39.36 251.18 290.54 OK
r-devel-linux-x86_64-debian-gcc 0.3.4 33.43 197.36 230.79 OK
r-devel-linux-x86_64-fedora-clang 0.3.5 366.50 NOTE
r-devel-linux-x86_64-fedora-gcc 0.3.5 290.66 NOTE
r-devel-windows-x86_64 0.3.4 52.00 285.00 337.00 OK
r-patched-linux-x86_64 0.3.4 36.24 235.69 271.93 OK
r-release-linux-x86_64 0.3.4 31.90 235.52 267.42 OK
r-release-macos-arm64 0.3.4 129.00 NOTE
r-release-macos-x86_64 0.3.4 185.00 NOTE
r-release-windows-x86_64 0.3.4 43.00 295.00 338.00 OK
r-oldrel-macos-arm64 0.3.4 119.00 NOTE
r-oldrel-macos-x86_64 0.3.4 185.00 NOTE
r-oldrel-windows-ix86+x86_64 0.3.4 99.00 452.00 551.00 OK

Check Details

Version: 0.3.5
Check: data for non-ASCII characters
Result: NOTE
     Note: found 5 marked UTF-8 strings
Flavors: r-devel-linux-x86_64-fedora-clang, r-devel-linux-x86_64-fedora-gcc

Version: 0.3.4
Check: data for non-ASCII characters
Result: NOTE
     Note: found 5 marked UTF-8 strings
Flavors: r-release-macos-arm64, r-release-macos-x86_64, r-oldrel-macos-arm64, r-oldrel-macos-x86_64