Last updated on 2023-01-28 08:00:50 CET.
Flavor | Version | Tinstall | Tcheck | Ttotal | Status | Flags |
---|---|---|---|---|---|---|
r-devel-linux-x86_64-debian-clang | 0.1.0 | 1.77 | 29.10 | 30.87 | OK | |
r-devel-linux-x86_64-debian-gcc | 0.1.0 | 1.72 | 22.53 | 24.25 | OK | |
r-devel-linux-x86_64-fedora-clang | 0.1.0 | 40.47 | NOTE | |||
r-devel-linux-x86_64-fedora-gcc | 0.1.0 | 38.56 | NOTE | |||
r-patched-linux-x86_64 | 0.1.0 | 2.49 | 28.67 | 31.16 | OK | |
r-release-linux-x86_64 | 0.1.0 | 2.23 | 28.35 | 30.58 | OK | |
r-release-macos-arm64 | 0.1.0 | 17.00 | NOTE | |||
r-release-macos-x86_64 | 0.1.0 | 21.00 | NOTE | |||
r-release-windows-x86_64 | 0.1.0 | 16.00 | 57.00 | 73.00 | OK | |
r-oldrel-macos-arm64 | 0.1.0 | 19.00 | NOTE | |||
r-oldrel-macos-x86_64 | 0.1.0 | 25.00 | NOTE | |||
r-oldrel-windows-ix86+x86_64 | 0.1.0 | 6.00 | 53.00 | 59.00 | OK |
Version: 0.1.0
Check: dependencies in R code
Result: NOTE
Namespace in Imports field not imported from: ‘MASS’
All declared Imports should be used.
Flavors: r-devel-linux-x86_64-fedora-clang, r-devel-linux-x86_64-fedora-gcc, r-release-macos-arm64, r-release-macos-x86_64, r-oldrel-macos-arm64, r-oldrel-macos-x86_64