CRAN Package Check Results for Package ymd

Last updated on 2022-08-13 08:53:47 CEST.

Flavor Version Tinstall Tcheck Ttotal Status Flags
r-devel-linux-x86_64-debian-clang 0.0.1 115.75 23.09 138.84 OK
r-devel-linux-x86_64-debian-gcc 0.0.1 90.83 18.04 108.87 OK
r-devel-linux-x86_64-fedora-clang 0.0.1 199.13 OK
r-devel-linux-x86_64-fedora-gcc 0.0.1 212.51 OK
r-devel-windows-x86_64 0.0.1 17.00 72.00 89.00 OK
r-patched-linux-x86_64 0.0.1 117.25 22.20 139.45 OK
r-release-linux-x86_64 0.0.1 115.07 22.90 137.97 OK
r-release-macos-arm64 0.0.1 19.00 NOTE
r-release-macos-x86_64 0.0.1 25.00 NOTE
r-release-windows-x86_64 0.0.1 9.00 71.00 80.00 OK
r-oldrel-macos-arm64 0.0.1 22.00 NOTE
r-oldrel-macos-x86_64 0.0.1 33.00 NOTE
r-oldrel-windows-ix86+x86_64 0.0.1 14.00 72.00 86.00 OK

Check Details

Version: 0.0.1
Check: installed package size
Result: NOTE
     installed size is 6.3Mb
     sub-directories of 1Mb or more:
     libs 6.2Mb
Flavors: r-release-macos-arm64, r-release-macos-x86_64, r-oldrel-macos-arm64, r-oldrel-macos-x86_64