Last updated on 2023-12-01 07:50:25 CET.
Flavor | Version | Tinstall | Tcheck | Ttotal | Status | Flags |
---|---|---|---|---|---|---|
r-devel-linux-x86_64-debian-clang | 0.1.2 | 28.67 | 30.32 | 58.99 | NOTE | |
r-devel-linux-x86_64-debian-gcc | 0.1.2 | 16.45 | 23.94 | 40.39 | NOTE | |
r-devel-linux-x86_64-fedora-clang | 0.1.2 | 86.92 | NOTE | |||
r-devel-linux-x86_64-fedora-gcc | 0.1.2 | 78.89 | NOTE | |||
r-devel-windows-x86_64 | 0.1.2 | 25.00 | 66.00 | 91.00 | OK | |
r-patched-linux-x86_64 | 0.1.2 | 21.28 | 30.01 | 51.29 | NOTE | |
r-release-linux-x86_64 | 0.1.2 | 19.83 | 30.26 | 50.09 | NOTE | |
r-release-macos-arm64 | 0.1.2 | 27.00 | OK | |||
r-release-macos-x86_64 | 0.1.2 | 39.00 | OK | |||
r-release-windows-x86_64 | 0.1.2 | 32.00 | 86.00 | 118.00 | OK | |
r-oldrel-macos-arm64 | 0.1.2 | 24.00 | OK | |||
r-oldrel-macos-x86_64 | 0.1.2 | 50.00 | OK | |||
r-oldrel-windows-x86_64 | 0.1.2 | 30.00 | 70.00 | 100.00 | OK |
Version: 0.1.2
Check: package dependencies
Result: NOTE
Package suggested but not available for checking: ‘rbokeh’
Flavors: r-devel-linux-x86_64-debian-clang, r-devel-linux-x86_64-debian-gcc, r-devel-linux-x86_64-fedora-clang, r-devel-linux-x86_64-fedora-gcc, r-patched-linux-x86_64, r-release-linux-x86_64