CRAN Package Check Results for Package xlsxjars

Last updated on 2024-06-22 08:52:19 CEST.

Flavor Version Tinstall Tcheck Ttotal Status Flags
r-devel-linux-x86_64-debian-clang 0.6.1 6.63 33.07 39.70 OK
r-devel-linux-x86_64-debian-gcc 0.6.1 2.69 25.03 27.72 OK
r-devel-linux-x86_64-fedora-clang 0.6.1 45.22 NOTE
r-devel-linux-x86_64-fedora-gcc 0.6.1 43.02 OK
r-devel-windows-x86_64 0.6.1 5.00 43.00 48.00 NOTE
r-patched-linux-x86_64 0.6.1 4.31 32.19 36.50 OK
r-release-linux-x86_64 0.6.1 4.40 31.56 35.96 OK
r-release-macos-arm64 0.6.1 18.00 NOTE
r-release-macos-x86_64 0.6.1 27.00 NOTE
r-release-windows-x86_64 0.6.1 5.00 43.00 48.00 NOTE
r-oldrel-macos-arm64 0.6.1 19.00 NOTE
r-oldrel-macos-x86_64 0.6.1 29.00 NOTE
r-oldrel-windows-x86_64 0.6.1 5.00 45.00 50.00 NOTE

Check Details

Version: 0.6.1
Check: installed package size
Result: NOTE installed size is 10.8Mb sub-directories of 1Mb or more: java 10.7Mb Flavors: r-devel-linux-x86_64-fedora-clang, r-devel-windows-x86_64, r-release-macos-arm64, r-release-macos-x86_64, r-release-windows-x86_64, r-oldrel-macos-arm64, r-oldrel-macos-x86_64, r-oldrel-windows-x86_64