CRAN Package Check Results for Package worldfootballR

Last updated on 2022-12-05 07:53:57 CET.

Flavor Version Tinstall Tcheck Ttotal Status Flags
r-devel-linux-x86_64-debian-clang 0.6.2 16.28 104.90 121.18 OK
r-devel-linux-x86_64-debian-gcc 0.6.2 11.52 76.22 87.74 OK
r-devel-linux-x86_64-fedora-clang 0.6.2 164.74 NOTE
r-devel-linux-x86_64-fedora-gcc 0.6.2 152.20 OK
r-devel-windows-x86_64 0.6.2 156.00 190.00 346.00 OK
r-patched-linux-x86_64 0.6.2 11.21 97.75 108.96 OK
r-release-linux-x86_64 0.6.2 15.60 97.06 112.66 OK
r-release-macos-arm64 0.6.2 97.00 OK
r-release-macos-x86_64 0.6.2 113.00 OK
r-release-windows-x86_64 0.6.2 123.00 184.00 307.00 OK
r-oldrel-macos-arm64 0.6.2 100.00 OK
r-oldrel-macos-x86_64 0.6.2 116.00 OK
r-oldrel-windows-ix86+x86_64 0.6.2 32.00 179.00 211.00 OK

Check Details

Version: 0.6.2
Check: package dependencies
Result: NOTE
    Imports includes 23 non-default packages.
    Importing from so many packages makes the package vulnerable to any of
    them becoming unavailable. Move as many as possible to Suggests and
    use conditionally.
Flavor: r-devel-linux-x86_64-fedora-clang