CRAN Package Check Results for Package wordgraph

Last updated on 2022-12-05 07:53:57 CET.

Flavor Version Tinstall Tcheck Ttotal Status Flags
r-devel-linux-x86_64-debian-clang 0.1.0 2.82 31.34 34.16 OK
r-devel-linux-x86_64-debian-gcc 0.1.0 1.92 24.10 26.02 OK
r-devel-linux-x86_64-fedora-clang 0.1.0 55.60 NOTE
r-devel-linux-x86_64-fedora-gcc 0.1.0 51.05 NOTE
r-devel-windows-x86_64 0.1.0 25.00 62.00 87.00 OK
r-patched-linux-x86_64 0.1.0 2.83 29.83 32.66 OK
r-release-linux-x86_64 0.1.0 3.03 29.85 32.88 OK
r-release-macos-arm64 0.1.0 19.00 NOTE
r-release-macos-x86_64 0.1.0 28.00 NOTE
r-release-windows-x86_64 0.1.0 26.00 59.00 85.00 OK
r-oldrel-macos-arm64 0.1.0 27.00 NOTE
r-oldrel-macos-x86_64 0.1.0 31.00 NOTE
r-oldrel-windows-ix86+x86_64 0.1.0 7.00 56.00 63.00 OK

Additional issues

donttest

Check Details

Version: 0.1.0
Check: data for non-ASCII characters
Result: NOTE
     Note: found 6738 marked UTF-8 strings
Flavors: r-devel-linux-x86_64-fedora-clang, r-devel-linux-x86_64-fedora-gcc, r-release-macos-arm64, r-release-macos-x86_64, r-oldrel-macos-arm64, r-oldrel-macos-x86_64