Last updated on 2023-06-03 20:53:24 CEST.
Flavor | Version | Tinstall | Tcheck | Ttotal | Status | Flags |
---|---|---|---|---|---|---|
r-devel-linux-x86_64-debian-clang | 1.4-3 | 18.70 | 63.98 | 82.68 | OK | |
r-devel-linux-x86_64-debian-gcc | 1.4-3 | 16.55 | 48.91 | 65.46 | OK | |
r-devel-linux-x86_64-fedora-clang | 1.4-3 | 104.67 | OK | |||
r-devel-linux-x86_64-fedora-gcc | 1.4-3 | 112.32 | OK | |||
r-devel-windows-x86_64 | 1.4-3 | 16.00 | 105.00 | 121.00 | OK | |
r-patched-linux-x86_64 | 1.4-3 | OK | ||||
r-release-linux-x86_64 | 1.4-3 | 17.68 | 61.84 | 79.52 | OK | |
r-release-macos-arm64 | 1.4-3 | 46.00 | OK | |||
r-release-macos-x86_64 | 1.4-2 | 76.00 | NOTE | |||
r-release-windows-x86_64 | 1.4-3 | 19.00 | 104.00 | 123.00 | OK | |
r-oldrel-macos-arm64 | 1.4-3 | 45.00 | OK | |||
r-oldrel-macos-x86_64 | 1.4-3 | 50.00 | OK | |||
r-oldrel-windows-x86_64 | 1.4-3 | 24.00 | 85.00 | 109.00 | OK |
Version: 1.4-2
Check: installed package size
Result: NOTE
installed size is 5.4Mb
sub-directories of 1Mb or more:
data 4.5Mb
Flavor: r-release-macos-x86_64