Last updated on 2023-03-25 19:54:20 CET.
Flavor | Version | Tinstall | Tcheck | Ttotal | Status | Flags |
---|---|---|---|---|---|---|
r-devel-linux-x86_64-debian-clang | 0.1.3 | 9.37 | 82.75 | 92.12 | OK | |
r-devel-linux-x86_64-debian-gcc | 0.1.3 | 7.17 | 60.90 | 68.07 | OK | |
r-devel-linux-x86_64-fedora-clang | 0.1.3 | 111.51 | OK | |||
r-devel-linux-x86_64-fedora-gcc | 0.1.3 | 105.47 | OK | |||
r-patched-linux-x86_64 | 0.1.3 | 6.87 | 76.42 | 83.29 | OK | |
r-release-linux-x86_64 | 0.1.3 | 6.03 | 76.62 | 82.65 | OK | |
r-release-macos-arm64 | 0.1.3 | 71.00 | OK | |||
r-release-macos-x86_64 | 0.1.3 | 83.00 | OK | |||
r-release-windows-x86_64 | 0.1.3 | 25.00 | 114.00 | 139.00 | OK | |
r-oldrel-macos-arm64 | 0.1.3 | 70.00 | OK | |||
r-oldrel-macos-x86_64 | 0.1.3 | 86.00 | OK | |||
r-oldrel-windows-ix86+x86_64 | 0.1.3 | 21.00 | 109.00 | 130.00 | WARN |
Version: 0.1.3
Check: R code for possible problems
Result: NOTE
Initiating curl with CURL_SSL_BACKEND: openssl
Flavor: r-oldrel-windows-ix86+x86_64
Version: 0.1.3
Check: Rd files
Result: WARN
Initiating curl with CURL_SSL_BACKEND: openssl
Flavor: r-oldrel-windows-ix86+x86_64