CRAN Package Check Results for Package weed

Last updated on 2022-12-03 07:56:50 CET.

Flavor Version Tinstall Tcheck Ttotal Status Flags
r-devel-linux-x86_64-debian-clang 1.1.1 2.30 32.78 35.08 OK
r-devel-linux-x86_64-debian-gcc 1.1.1 2.14 25.17 27.31 OK
r-devel-linux-x86_64-fedora-clang 1.1.1 56.36 NOTE
r-devel-linux-x86_64-fedora-gcc 1.1.1 55.03 NOTE
r-devel-windows-x86_64 1.1.1 13.00 69.00 82.00 OK
r-patched-linux-x86_64 1.1.1 2.61 31.14 33.75 OK
r-release-linux-x86_64 1.1.1 1.83 31.51 33.34 OK
r-release-macos-arm64 1.1.1 23.00 NOTE
r-release-macos-x86_64 1.1.1 37.00 NOTE
r-release-windows-x86_64 1.1.1 9.00 65.00 74.00 OK
r-oldrel-macos-arm64 1.1.1 35.00 NOTE
r-oldrel-macos-x86_64 1.1.1 37.00 NOTE
r-oldrel-windows-ix86+x86_64 1.1.1 7.00 63.00 70.00 OK

Check Details

Version: 1.1.1
Check: dependencies in R code
Result: NOTE
    Namespaces in Imports field not imported from:
     ‘here’ ‘rgeos’ ‘tibble’
     All declared Imports should be used.
Flavors: r-devel-linux-x86_64-fedora-clang, r-devel-linux-x86_64-fedora-gcc, r-release-macos-arm64, r-release-macos-x86_64, r-oldrel-macos-arm64, r-oldrel-macos-x86_64