CRAN Package Check Results for Package webreadr

Last updated on 2022-11-16 08:03:09 CET.

Flavor Version Tinstall Tcheck Ttotal Status Flags
r-devel-linux-x86_64-debian-clang 0.4.0 OK
r-devel-linux-x86_64-debian-gcc 0.4.0 18.21 38.93 57.14 OK
r-devel-linux-x86_64-fedora-clang 0.4.0 110.80 NOTE
r-devel-linux-x86_64-fedora-gcc 0.4.0 104.65 NOTE
r-devel-windows-x86_64 0.4.0 30.00 104.00 134.00 OK
r-patched-linux-x86_64 0.4.0 17.89 49.85 67.74 OK
r-release-linux-x86_64 0.4.0 15.78 51.39 67.17 OK
r-release-macos-arm64 0.4.0 26.00 OK
r-release-macos-x86_64 0.4.0 50.00 OK
r-release-windows-x86_64 0.4.0 29.00 101.00 130.00 OK
r-oldrel-macos-arm64 0.4.0 33.00 OK
r-oldrel-macos-x86_64 0.4.0 43.00 OK
r-oldrel-windows-ix86+x86_64 0.4.0 59.00 105.00 164.00 OK

Check Details

Version: 0.4.0
Check: compiled code
Result: NOTE
    File ‘webreadr/libs/webreadr.so’:
     Found no calls to: ‘R_registerRoutines’, ‘R_useDynamicSymbols’
    
    It is good practice to register native routines and to disable symbol
    search.
    
    See ‘Writing portable packages’ in the ‘Writing R Extensions’ manual.
Flavors: r-devel-linux-x86_64-fedora-clang, r-devel-linux-x86_64-fedora-gcc