CRAN Package Check Results for Package wdpar

Last updated on 2022-12-05 07:53:57 CET.

Flavor Version Tinstall Tcheck Ttotal Status Flags
r-devel-linux-x86_64-debian-clang 1.3.3 6.11 79.25 85.36 NOTE
r-devel-linux-x86_64-debian-gcc 1.3.3 4.67 59.21 63.88 NOTE
r-devel-linux-x86_64-fedora-clang 1.3.3 118.29 NOTE
r-devel-linux-x86_64-fedora-gcc 1.3.3 120.10 NOTE
r-devel-windows-x86_64 1.3.3 19.00 106.00 125.00 NOTE
r-patched-linux-x86_64 1.3.3 5.90 75.32 81.22 NOTE
r-release-linux-x86_64 1.3.3 5.47 74.27 79.74 NOTE
r-release-macos-arm64 1.3.3 33.00 NOTE
r-release-macos-x86_64 1.3.3 45.00 NOTE
r-release-windows-x86_64 1.3.3 19.00 106.00 125.00 NOTE
r-oldrel-macos-arm64 1.3.3 33.00 NOTE
r-oldrel-macos-x86_64 1.3.3 43.00 NOTE
r-oldrel-windows-ix86+x86_64 1.3.3 17.00 100.00 117.00 NOTE

Check Details

Version: 1.3.3
Check: package dependencies
Result: NOTE
    Package suggested but not available for checking: 'prepr'
Flavors: r-devel-linux-x86_64-debian-clang, r-devel-linux-x86_64-debian-gcc, r-devel-linux-x86_64-fedora-clang, r-devel-linux-x86_64-fedora-gcc, r-devel-windows-x86_64, r-patched-linux-x86_64, r-release-linux-x86_64, r-release-macos-arm64, r-release-macos-x86_64, r-release-windows-x86_64, r-oldrel-macos-arm64, r-oldrel-macos-x86_64, r-oldrel-windows-ix86+x86_64