CRAN Package Check Results for Package wcde

Last updated on 2022-08-10 08:52:49 CEST.

Flavor Version Tinstall Tcheck Ttotal Status Flags
r-devel-linux-x86_64-debian-clang 0.0.5 9.55 61.81 71.36 OK
r-devel-linux-x86_64-debian-gcc 0.0.5 6.90 46.77 53.67 OK
r-devel-linux-x86_64-fedora-clang 0.0.5 97.80 NOTE
r-devel-linux-x86_64-fedora-gcc 0.0.5 96.40 NOTE
r-devel-windows-x86_64 0.0.5 22.00 102.00 124.00 OK
r-patched-linux-x86_64 0.0.5 6.83 58.39 65.22 OK
r-release-linux-x86_64 0.0.5 OK
r-release-macos-arm64 0.0.5 106.00 NOTE
r-release-macos-x86_64 0.0.5 107.00 NOTE
r-release-windows-x86_64 0.0.5 15.00 105.00 120.00 OK
r-oldrel-macos-arm64 0.0.5 103.00 NOTE
r-oldrel-macos-x86_64 0.0.5 109.00 NOTE
r-oldrel-windows-ix86+x86_64 0.0.5 23.00 95.00 118.00 OK

Check Details

Version: 0.0.5
Check: data for non-ASCII characters
Result: NOTE
     Note: found 4413 marked UTF-8 strings
Flavors: r-devel-linux-x86_64-fedora-clang, r-devel-linux-x86_64-fedora-gcc, r-release-macos-arm64, r-release-macos-x86_64, r-oldrel-macos-arm64, r-oldrel-macos-x86_64