CRAN Package Check Results for Package walrus

Last updated on 2023-03-25 19:54:20 CET.

Flavor Version Tinstall Tcheck Ttotal Status Flags
r-devel-linux-x86_64-debian-clang 1.0.5 17.01 37.35 54.36 OK
r-devel-linux-x86_64-debian-gcc 1.0.5 14.01 29.27 43.28 OK
r-devel-linux-x86_64-fedora-clang 1.0.5 71.89 NOTE
r-devel-linux-x86_64-fedora-gcc 1.0.5 68.58 NOTE
r-patched-linux-x86_64 1.0.5 16.00 36.68 52.68 OK
r-release-linux-x86_64 1.0.5 18.67 36.80 55.47 OK
r-release-macos-arm64 1.0.5 26.00 NOTE
r-release-macos-x86_64 1.0.5 32.00 NOTE
r-release-windows-x86_64 1.0.5 30.00 66.00 96.00 OK
r-oldrel-macos-arm64 1.0.5 26.00 NOTE
r-oldrel-macos-x86_64 1.0.5 37.00 NOTE
r-oldrel-windows-ix86+x86_64 1.0.5 29.00 62.00 91.00 OK

Check Details

Version: 1.0.5
Check: dependencies in R code
Result: NOTE
    Namespaces in Imports field not imported from:
     ‘R6’ ‘WRS2’ ‘ggplot2’
     All declared Imports should be used.
Flavors: r-devel-linux-x86_64-fedora-clang, r-devel-linux-x86_64-fedora-gcc, r-release-macos-arm64, r-release-macos-x86_64, r-oldrel-macos-arm64, r-oldrel-macos-x86_64