CRAN Package Check Results for Package vivo

Last updated on 2023-04-01 08:55:57 CEST.

Flavor Version Tinstall Tcheck Ttotal Status Flags
r-devel-linux-x86_64-debian-clang 0.2.1 5.17 90.21 95.38 NOTE
r-devel-linux-x86_64-debian-gcc 0.2.1 4.24 69.17 73.41 NOTE
r-devel-linux-x86_64-fedora-clang 0.2.1 119.36 NOTE
r-devel-linux-x86_64-fedora-gcc 0.2.1 125.41 NOTE
r-patched-linux-x86_64 0.2.1 5.22 86.14 91.36 NOTE
r-release-linux-x86_64 0.2.1 3.99 86.94 90.93 NOTE
r-release-macos-arm64 0.2.1 61.00 NOTE
r-release-macos-x86_64 0.2.1 72.00 NOTE
r-release-windows-x86_64 0.2.1 26.00 135.00 161.00 NOTE
r-oldrel-macos-arm64 0.2.1 66.00 NOTE
r-oldrel-macos-x86_64 0.2.1 75.00 NOTE
r-oldrel-windows-ix86+x86_64 0.2.1 13.00 122.00 135.00 NOTE

Check Details

Version: 0.2.1
Check: LazyData
Result: NOTE
     'LazyData' is specified without a 'data' directory
Flavors: r-devel-linux-x86_64-debian-clang, r-devel-linux-x86_64-debian-gcc, r-devel-linux-x86_64-fedora-clang, r-devel-linux-x86_64-fedora-gcc, r-patched-linux-x86_64, r-release-linux-x86_64, r-release-macos-arm64, r-release-macos-x86_64, r-release-windows-x86_64, r-oldrel-macos-arm64, r-oldrel-macos-x86_64, r-oldrel-windows-ix86+x86_64