CRAN Package Check Results for Package visStatistics

Last updated on 2022-12-05 07:53:57 CET.

Flavor Version Tinstall Tcheck Ttotal Status Flags
r-devel-linux-x86_64-debian-clang 0.1.1 3.98 40.53 44.51 NOTE
r-devel-linux-x86_64-debian-gcc 0.1.1 3.53 31.13 34.66 NOTE
r-devel-linux-x86_64-fedora-clang 0.1.1 67.47 NOTE
r-devel-linux-x86_64-fedora-gcc 0.1.1 63.18 NOTE
r-devel-windows-x86_64 0.1.1 23.00 69.00 92.00 NOTE
r-patched-linux-x86_64 0.1.1 4.17 37.89 42.06 NOTE
r-release-linux-x86_64 0.1.1 4.54 38.01 42.55 NOTE
r-release-macos-arm64 0.1.1 20.00 NOTE
r-release-macos-x86_64 0.1.1 30.00 NOTE
r-release-windows-x86_64 0.1.1 28.00 67.00 95.00 NOTE
r-oldrel-macos-arm64 0.1.1 23.00 NOTE
r-oldrel-macos-x86_64 0.1.1 36.00 NOTE
r-oldrel-windows-ix86+x86_64 0.1.1 10.00 65.00 75.00 NOTE

Check Details

Version: 0.1.1
Check: LazyData
Result: NOTE
     'LazyData' is specified without a 'data' directory
Flavors: r-devel-linux-x86_64-debian-clang, r-devel-linux-x86_64-debian-gcc, r-devel-linux-x86_64-fedora-clang, r-devel-linux-x86_64-fedora-gcc, r-devel-windows-x86_64, r-patched-linux-x86_64, r-release-linux-x86_64, r-release-macos-arm64, r-release-macos-x86_64, r-release-windows-x86_64, r-oldrel-macos-arm64, r-oldrel-macos-x86_64, r-oldrel-windows-ix86+x86_64