Last updated on 2023-10-02 20:12:15 CEST.
Flavor | Version | Tinstall | Tcheck | Ttotal | Status | Flags |
---|---|---|---|---|---|---|
r-devel-linux-x86_64-debian-clang | 0.1.1 | 4.42 | 38.89 | 43.31 | NOTE | |
r-devel-linux-x86_64-debian-gcc | 0.1.1 | 3.81 | 30.30 | 34.11 | NOTE | |
r-devel-linux-x86_64-fedora-clang | 0.1.1 | 53.60 | NOTE | |||
r-devel-linux-x86_64-fedora-gcc | 0.1.1 | 52.79 | NOTE | |||
r-devel-windows-x86_64 | 0.1.1 | 5.00 | 52.00 | 57.00 | NOTE | |
r-patched-linux-x86_64 | 0.1.1 | 4.53 | 37.77 | 42.30 | NOTE | |
r-release-linux-x86_64 | 0.1.1 | 3.93 | 38.18 | 42.11 | NOTE | |
r-release-macos-arm64 | 0.1.1 | 20.00 | NOTE | |||
r-release-macos-x86_64 | 0.1.1 | 31.00 | NOTE | |||
r-release-windows-x86_64 | 0.1.1 | 6.00 | 53.00 | 59.00 | NOTE | |
r-oldrel-macos-arm64 | 0.1.1 | 22.00 | NOTE | |||
r-oldrel-macos-x86_64 | 0.1.1 | 30.00 | NOTE | |||
r-oldrel-windows-x86_64 | 0.1.1 | 6.00 | 56.00 | 62.00 | NOTE |
Version: 0.1.1
Check: LazyData
Result: NOTE
'LazyData' is specified without a 'data' directory
Flavors: r-devel-linux-x86_64-debian-clang, r-devel-linux-x86_64-debian-gcc, r-devel-linux-x86_64-fedora-clang, r-devel-linux-x86_64-fedora-gcc, r-devel-windows-x86_64, r-patched-linux-x86_64, r-release-linux-x86_64, r-release-macos-arm64, r-release-macos-x86_64, r-release-windows-x86_64, r-oldrel-macos-arm64, r-oldrel-macos-x86_64, r-oldrel-windows-x86_64