Last updated on 2023-01-28 08:00:50 CET.
Flavor | Version | Tinstall | Tcheck | Ttotal | Status | Flags |
---|---|---|---|---|---|---|
r-devel-linux-x86_64-debian-clang | 1.42 | 11.16 | 108.46 | 119.62 | NOTE | |
r-devel-linux-x86_64-debian-gcc | 1.42 | 9.93 | 81.27 | 91.20 | NOTE | |
r-devel-linux-x86_64-fedora-clang | 1.42 | 153.69 | NOTE | |||
r-devel-linux-x86_64-fedora-gcc | 1.42 | 141.57 | NOTE | |||
r-patched-linux-x86_64 | 1.42 | 17.26 | 103.12 | 120.38 | OK | |
r-release-linux-x86_64 | 1.42 | 13.25 | 102.81 | 116.06 | OK | |
r-release-macos-arm64 | 1.42 | 39.00 | OK | |||
r-release-macos-x86_64 | 1.42 | 90.00 | OK | |||
r-release-windows-x86_64 | 1.42 | 42.00 | 142.00 | 184.00 | OK | |
r-oldrel-macos-arm64 | 1.42 | 45.00 | OK | |||
r-oldrel-macos-x86_64 | 1.42 | 60.00 | OK | |||
r-oldrel-windows-ix86+x86_64 | 1.42 | 26.00 | 123.00 | 149.00 | OK |
Version: 1.42
Check: Rd files
Result: NOTE
checkRd: (-1) value.Rd:32: Escaped LaTeX specials: \$ \$
Flavors: r-devel-linux-x86_64-debian-clang, r-devel-linux-x86_64-debian-gcc, r-devel-linux-x86_64-fedora-clang, r-devel-linux-x86_64-fedora-gcc