CRAN Package Check Results for Package vennLasso

Last updated on 2022-12-03 07:56:50 CET.

Flavor Version Tinstall Tcheck Ttotal Status Flags
r-devel-linux-x86_64-debian-clang 0.1.6 85.31 211.30 296.61 NOTE
r-devel-linux-x86_64-debian-gcc 0.1.6 75.55 157.97 233.52 NOTE
r-devel-linux-x86_64-fedora-clang 0.1.6 386.34 NOTE
r-devel-linux-x86_64-fedora-gcc 0.1.6 383.82 NOTE
r-devel-windows-x86_64 0.1.6 77.00 261.00 338.00 NOTE
r-patched-linux-x86_64 0.1.6 81.51 197.64 279.15 NOTE
r-release-linux-x86_64 0.1.6 81.69 201.79 283.48 NOTE
r-release-macos-arm64 0.1.6 109.00 NOTE
r-release-macos-x86_64 0.1.6 139.00 NOTE
r-release-windows-x86_64 0.1.6 154.00 269.00 423.00 NOTE
r-oldrel-macos-arm64 0.1.6 116.00 NOTE
r-oldrel-macos-x86_64 0.1.6 198.00 NOTE
r-oldrel-windows-ix86+x86_64 0.1.6 179.00 324.00 503.00 NOTE

Check Details

Version: 0.1.6
Check: LazyData
Result: NOTE
     'LazyData' is specified without a 'data' directory
Flavors: r-devel-linux-x86_64-debian-clang, r-devel-linux-x86_64-debian-gcc, r-devel-linux-x86_64-fedora-clang, r-devel-linux-x86_64-fedora-gcc, r-devel-windows-x86_64, r-patched-linux-x86_64, r-release-linux-x86_64, r-release-macos-arm64, r-release-macos-x86_64, r-release-windows-x86_64, r-oldrel-macos-arm64, r-oldrel-macos-x86_64, r-oldrel-windows-ix86+x86_64

Version: 0.1.6
Check: installed package size
Result: NOTE
     installed size is 26.9Mb
     sub-directories of 1Mb or more:
     libs 26.4Mb
Flavors: r-release-macos-arm64, r-release-macos-x86_64, r-oldrel-macos-arm64, r-oldrel-macos-x86_64