CRAN Package Check Results for Package vcfR

Last updated on 2022-10-04 20:53:54 CEST.

Flavor Version Tinstall Tcheck Ttotal Status Flags
r-devel-linux-x86_64-debian-clang 1.13.0 156.88 222.23 379.11 OK
r-devel-linux-x86_64-debian-gcc 1.13.0 118.33 171.57 289.90 OK
r-devel-linux-x86_64-fedora-clang 1.13.0 463.31 OK
r-devel-linux-x86_64-fedora-gcc 1.13.0 494.32 OK
r-devel-windows-x86_64 1.13.0 155.00 318.00 473.00 OK
r-patched-linux-x86_64 1.13.0 126.31 210.62 336.93 OK
r-release-linux-x86_64 1.13.0 128.48 210.84 339.32 OK
r-release-macos-arm64 1.13.0 124.00 NOTE
r-release-macos-x86_64 1.13.0 172.00 NOTE
r-release-windows-x86_64 1.13.0 203.00 308.00 511.00 OK
r-oldrel-macos-arm64 1.13.0 125.00 NOTE
r-oldrel-macos-x86_64 1.13.0 180.00 NOTE
r-oldrel-windows-ix86+x86_64 1.13.0 362.00 408.00 770.00 OK

Check Details

Version: 1.13.0
Check: installed package size
Result: NOTE
     installed size is 6.3Mb
     sub-directories of 1Mb or more:
     libs 4.7Mb
Flavors: r-release-macos-arm64, r-release-macos-x86_64, r-oldrel-macos-arm64, r-oldrel-macos-x86_64