CRAN Package Check Results for Package vcdExtra

Last updated on 2022-12-05 07:53:57 CET.

Flavor Version Tinstall Tcheck Ttotal Status Flags
r-devel-linux-x86_64-debian-clang 0.8-0 9.83 182.33 192.16 NOTE
r-devel-linux-x86_64-debian-gcc 0.8-0 8.95 136.94 145.89 NOTE
r-devel-linux-x86_64-fedora-clang 0.8-0 252.50 NOTE
r-devel-linux-x86_64-fedora-gcc 0.8-0 251.51 NOTE
r-devel-windows-x86_64 0.8-0 71.00 247.00 318.00 NOTE
r-patched-linux-x86_64 0.8-0 14.87 169.42 184.29 OK
r-release-linux-x86_64 0.8-0 12.16 154.35 166.51 OK
r-release-macos-arm64 0.8-0 61.00 OK
r-release-macos-x86_64 0.8-0 82.00 OK
r-release-windows-x86_64 0.8-0 62.00 258.00 320.00 OK
r-oldrel-macos-arm64 0.8-0 61.00 OK
r-oldrel-macos-x86_64 0.8-0 92.00 OK
r-oldrel-windows-ix86+x86_64 0.8-0 25.00 217.00 242.00 OK

Check Details

Version: 0.8-0
Check: Rd files
Result: NOTE
    checkRd: (-1) Glass.Rd:21: Escaped LaTeX specials: \&
    checkRd: (-1) Glass.Rd:22: Escaped LaTeX specials: \&
    checkRd: (-1) Glass.Rd:23: Escaped LaTeX specials: \&
    checkRd: (-1) Glass.Rd:24: Escaped LaTeX specials: \&
    checkRd: (-1) Glass.Rd:25: Escaped LaTeX specials: \&
    checkRd: (-1) Glass.Rd:28: Escaped LaTeX specials: \&
Flavors: r-devel-linux-x86_64-debian-clang, r-devel-linux-x86_64-debian-gcc, r-devel-linux-x86_64-fedora-clang, r-devel-linux-x86_64-fedora-gcc, r-devel-windows-x86_64