CRAN Package Check Results for Package validata

Last updated on 2022-08-07 08:57:32 CEST.

Flavor Version Tinstall Tcheck Ttotal Status Flags
r-devel-linux-x86_64-debian-clang 0.1.0 3.52 43.97 47.49 OK
r-devel-linux-x86_64-debian-gcc 0.1.0 2.91 33.44 36.35 OK
r-devel-linux-x86_64-fedora-clang 0.1.0 66.75 NOTE
r-devel-linux-x86_64-fedora-gcc 0.1.0 64.40 NOTE
r-devel-windows-x86_64 0.1.0 7.00 79.00 86.00 OK
r-patched-linux-x86_64 0.1.0 2.86 41.84 44.70 OK
r-release-linux-x86_64 0.1.0 2.46 41.98 44.44 OK
r-release-macos-arm64 0.1.0 24.00 NOTE
r-release-macos-x86_64 0.1.0 36.00 NOTE
r-release-windows-x86_64 0.1.0 17.00 77.00 94.00 OK
r-oldrel-macos-arm64 0.1.0 23.00 NOTE
r-oldrel-macos-x86_64 0.1.0 35.00 NOTE
r-oldrel-windows-ix86+x86_64 0.1.0 10.00 65.00 75.00 OK

Check Details

Version: 0.1.0
Check: dependencies in R code
Result: NOTE
    Namespaces in Imports field not imported from:
     ‘BBmisc’ ‘badger’
     All declared Imports should be used.
Flavors: r-devel-linux-x86_64-fedora-clang, r-devel-linux-x86_64-fedora-gcc, r-release-macos-arm64, r-release-macos-x86_64, r-oldrel-macos-arm64, r-oldrel-macos-x86_64