CRAN Package Check Results for Package validann

Last updated on 2024-07-23 08:49:21 CEST.

Flavor Version Tinstall Tcheck Ttotal Status Flags
r-devel-linux-x86_64-debian-clang 1.2.1 3.29 41.05 44.34 NOTE
r-devel-linux-x86_64-debian-gcc 1.2.1 2.43 30.67 33.10 NOTE
r-devel-linux-x86_64-fedora-clang 1.2.1 56.90 NOTE
r-devel-linux-x86_64-fedora-gcc 1.2.1 54.05 NOTE
r-devel-windows-x86_64 1.2.1 4.00 54.00 58.00 OK
r-patched-linux-x86_64 1.2.1 4.38 40.21 44.59 NOTE
r-release-linux-x86_64 1.2.1 3.12 39.90 43.02 NOTE
r-release-macos-arm64 1.2.1 18.00 OK
r-release-macos-x86_64 1.2.1 28.00 OK
r-release-windows-x86_64 1.2.1 4.00 52.00 56.00 OK
r-oldrel-macos-arm64 1.2.1 20.00 OK
r-oldrel-macos-x86_64 1.2.1 31.00 OK
r-oldrel-windows-x86_64 1.2.1 4.00 61.00 65.00 OK

Check Details

Version: 1.2.1
Check: for non-standard things in the check directory
Result: NOTE Found the following files/directories: ‘PredValidationPlots.pdf’ ‘RepStructValidationPlots.pdf’ Flavors: r-devel-linux-x86_64-debian-clang, r-devel-linux-x86_64-debian-gcc, r-devel-linux-x86_64-fedora-clang, r-devel-linux-x86_64-fedora-gcc, r-patched-linux-x86_64, r-release-linux-x86_64