CRAN Package Check Results for Package updog

Last updated on 2022-09-29 08:53:45 CEST.

Flavor Version Tinstall Tcheck Ttotal Status Flags
r-devel-linux-x86_64-debian-clang 2.1.2 117.31 145.46 262.77 WARN
r-devel-linux-x86_64-debian-gcc 2.1.2 95.44 106.94 202.38 OK
r-devel-linux-x86_64-fedora-clang 2.1.2 382.18 WARN
r-devel-linux-x86_64-fedora-gcc 2.1.2 369.75 OK
r-devel-windows-x86_64 2.1.2 100.00 209.00 309.00 OK
r-patched-linux-x86_64 2.1.2 109.07 133.31 242.38 OK
r-release-linux-x86_64 2.1.2 95.54 132.55 228.09 OK
r-release-macos-arm64 2.1.2 85.00 NOTE
r-release-macos-x86_64 2.1.2 148.00 OK
r-release-windows-x86_64 2.1.2 108.00 210.00 318.00 OK
r-oldrel-macos-arm64 2.1.2 89.00 NOTE
r-oldrel-macos-x86_64 2.1.2 113.00 OK
r-oldrel-windows-ix86+x86_64 2.1.2 303.00 250.00 553.00 OK

Additional issues

clang14

Check Details

Version: 2.1.2
Check: whether package can be installed
Result: WARN
    Found the following significant warnings:
     betabinom.cpp:144:7: warning: use of bitwise '&' with boolean operands [-Wbitwise-instead-of-logical]
     betabinom.cpp:147:7: warning: use of bitwise '&' with boolean operands [-Wbitwise-instead-of-logical]
     betabinom.cpp:150:7: warning: use of bitwise '&' with boolean operands [-Wbitwise-instead-of-logical]
     betabinom.cpp:153:7: warning: use of bitwise '&' with boolean operands [-Wbitwise-instead-of-logical]
     betabinom.cpp:267:7: warning: use of bitwise '&' with boolean operands [-Wbitwise-instead-of-logical]
     betabinom.cpp:270:7: warning: use of bitwise '&' with boolean operands [-Wbitwise-instead-of-logical]
     betabinom.cpp:273:7: warning: use of bitwise '&' with boolean operands [-Wbitwise-instead-of-logical]
     betabinom.cpp:276:7: warning: use of bitwise '&' with boolean operands [-Wbitwise-instead-of-logical]
     betabinom.cpp:385:7: warning: use of bitwise '&' with boolean operands [-Wbitwise-instead-of-logical]
     betabinom.cpp:388:7: warning: use of bitwise '&' with boolean operands [-Wbitwise-instead-of-logical]
     betabinom.cpp:391:7: warning: use of bitwise '&' with boolean operands [-Wbitwise-instead-of-logical]
     betabinom.cpp:460:7: warning: use of bitwise '&' with boolean operands [-Wbitwise-instead-of-logical]
     betabinom.cpp:463:7: warning: use of bitwise '&' with boolean operands [-Wbitwise-instead-of-logical]
     betabinom.cpp:466:7: warning: use of bitwise '&' with boolean operands [-Wbitwise-instead-of-logical]
     gradients.cpp:409:9: warning: use of bitwise '&' with boolean operands [-Wbitwise-instead-of-logical]
     objective.cpp:463:11: warning: use of bitwise '&' with boolean operands [-Wbitwise-instead-of-logical]
     util_funs.cpp:46:7: warning: use of bitwise '&' with boolean operands [-Wbitwise-instead-of-logical]
     util_funs.cpp:110:7: warning: use of bitwise '&' with boolean operands [-Wbitwise-instead-of-logical]
     util_funs.cpp:113:7: warning: use of bitwise '&' with boolean operands [-Wbitwise-instead-of-logical]
Flavors: r-devel-linux-x86_64-debian-clang, r-devel-linux-x86_64-fedora-clang

Version: 2.1.2
Check: package dependencies
Result: NOTE
    Packages suggested but not available for checking:
     'VariantAnnotation', 'GenomicRanges', 'S4Vectors', 'IRanges'
Flavor: r-release-macos-arm64

Version: 2.1.2
Check: installed package size
Result: NOTE
     installed size is 5.5Mb
     sub-directories of 1Mb or more:
     libs 4.6Mb
Flavor: r-oldrel-macos-arm64