CRAN Package Check Results for Package ukpolice

Last updated on 2023-03-27 08:51:29 CEST.

Flavor Version Tinstall Tcheck Ttotal Status Flags
r-devel-linux-x86_64-debian-clang 0.2.2 5.16 46.05 51.21 NOTE
r-devel-linux-x86_64-debian-gcc 0.2.2 4.10 35.35 39.45 NOTE
r-devel-linux-x86_64-fedora-clang 0.2.2 63.04 NOTE
r-devel-linux-x86_64-fedora-gcc 0.2.2 70.97 NOTE
r-patched-linux-x86_64 0.2.2 4.99 43.18 48.17 NOTE
r-release-linux-x86_64 0.2.2 4.74 44.31 49.05 NOTE
r-release-macos-arm64 0.2.2 21.00 NOTE
r-release-macos-x86_64 0.2.2 32.00 NOTE
r-release-windows-x86_64 0.2.2 36.00 82.00 118.00 NOTE
r-oldrel-macos-arm64 0.2.2 30.00 NOTE
r-oldrel-macos-x86_64 0.2.2 35.00 NOTE
r-oldrel-windows-ix86+x86_64 0.2.2 11.00 75.00 86.00 NOTE

Check Details

Version: 0.2.2
Check: LazyData
Result: NOTE
     'LazyData' is specified without a 'data' directory
Flavors: r-devel-linux-x86_64-debian-clang, r-devel-linux-x86_64-debian-gcc, r-devel-linux-x86_64-fedora-clang, r-devel-linux-x86_64-fedora-gcc, r-patched-linux-x86_64, r-release-linux-x86_64, r-release-macos-arm64, r-release-macos-x86_64, r-release-windows-x86_64, r-oldrel-macos-arm64, r-oldrel-macos-x86_64, r-oldrel-windows-ix86+x86_64