CRAN Package Check Results for Package tuneRanger

Last updated on 2022-11-16 08:03:08 CET.

Flavor Version Tinstall Tcheck Ttotal Status Flags
r-devel-linux-x86_64-debian-clang 0.5 NOTE
r-devel-linux-x86_64-debian-gcc 0.5 12.31 123.62 135.93 NOTE
r-devel-linux-x86_64-fedora-clang 0.5 231.25 NOTE
r-devel-linux-x86_64-fedora-gcc 0.5 227.99 NOTE
r-devel-windows-x86_64 0.5 26.00 187.00 213.00 NOTE
r-patched-linux-x86_64 0.5 17.38 162.49 179.87 NOTE
r-release-linux-x86_64 0.5 12.71 163.61 176.32 NOTE
r-release-macos-arm64 0.5 75.00 NOTE
r-release-macos-x86_64 0.5 126.00 NOTE
r-release-windows-x86_64 0.5 26.00 192.00 218.00 NOTE
r-oldrel-macos-arm64 0.5 103.00 NOTE
r-oldrel-macos-x86_64 0.5 125.00 NOTE
r-oldrel-windows-ix86+x86_64 0.5 35.00 175.00 210.00 NOTE

Check Details

Version: 0.5
Check: LazyData
Result: NOTE
     'LazyData' is specified without a 'data' directory
Flavors: r-devel-linux-x86_64-debian-clang, r-devel-linux-x86_64-debian-gcc, r-devel-linux-x86_64-fedora-clang, r-devel-linux-x86_64-fedora-gcc, r-devel-windows-x86_64, r-patched-linux-x86_64, r-release-linux-x86_64, r-release-macos-arm64, r-release-macos-x86_64, r-release-windows-x86_64, r-oldrel-macos-arm64, r-oldrel-macos-x86_64, r-oldrel-windows-ix86+x86_64

Version: 0.5
Check: Rd cross-references
Result: NOTE
    Undeclared package ‘randomForest’ in Rd xrefs
Flavor: r-devel-linux-x86_64-fedora-clang