Last updated on 2023-03-28 08:55:06 CEST.
Flavor | Version | Tinstall | Tcheck | Ttotal | Status | Flags |
---|---|---|---|---|---|---|
r-devel-linux-x86_64-debian-clang | 1.2.1 | 3.14 | 36.59 | 39.73 | NOTE | |
r-devel-linux-x86_64-debian-gcc | 1.2.1 | 2.63 | 28.49 | 31.12 | NOTE | |
r-devel-linux-x86_64-fedora-clang | 1.2.1 | 50.01 | NOTE | |||
r-devel-linux-x86_64-fedora-gcc | 1.2.1 | 58.74 | NOTE | |||
r-patched-linux-x86_64 | 1.2.1 | 3.38 | 35.46 | 38.84 | NOTE | |
r-release-linux-x86_64 | 1.2.1 | 2.31 | 38.41 | 40.72 | NOTE | |
r-release-macos-arm64 | 1.2.1 | 20.00 | NOTE | |||
r-release-macos-x86_64 | 1.2.1 | 32.00 | NOTE | |||
r-release-windows-x86_64 | 1.2.1 | 16.00 | 70.00 | 86.00 | NOTE | |
r-oldrel-macos-arm64 | 1.2.1 | 25.00 | NOTE | |||
r-oldrel-macos-x86_64 | 1.2.1 | 35.00 | NOTE | |||
r-oldrel-windows-ix86+x86_64 | 1.2.1 | 9.00 | 68.00 | 77.00 | NOTE |
Version: 1.2.1
Check: DESCRIPTION meta-information
Result: NOTE
Malformed Description field: should contain one or more complete sentences.
Flavors: r-devel-linux-x86_64-debian-clang, r-devel-linux-x86_64-debian-gcc, r-devel-linux-x86_64-fedora-clang, r-devel-linux-x86_64-fedora-gcc, r-patched-linux-x86_64, r-release-linux-x86_64, r-release-macos-arm64, r-release-macos-x86_64, r-release-windows-x86_64, r-oldrel-macos-arm64, r-oldrel-macos-x86_64, r-oldrel-windows-ix86+x86_64