CRAN Package Check Results for Package tsxtreme

Last updated on 2022-09-27 20:53:17 CEST.

Flavor Version Tinstall Tcheck Ttotal Status Flags
r-devel-linux-x86_64-debian-clang 0.3.3 9.35 39.85 49.20 NOTE
r-devel-linux-x86_64-debian-gcc 0.3.3 8.67 30.50 39.17 NOTE
r-devel-linux-x86_64-fedora-clang 0.3.3 76.67 NOTE
r-devel-linux-x86_64-fedora-gcc 0.3.3 72.02 NOTE
r-devel-windows-x86_64 0.3.3 32.00 78.00 110.00 NOTE
r-patched-linux-x86_64 0.3.3 9.26 38.17 47.43 OK
r-release-linux-x86_64 0.3.3 8.51 37.95 46.46 OK
r-release-macos-arm64 0.3.3 22.00 OK
r-release-macos-x86_64 0.3.3 29.00 OK
r-release-windows-x86_64 0.3.3 32.00 72.00 104.00 OK
r-oldrel-macos-arm64 0.3.3 25.00 OK
r-oldrel-macos-x86_64 0.3.3 42.00 OK
r-oldrel-windows-ix86+x86_64 0.3.3 22.00 78.00 100.00 OK

Check Details

Version: 0.3.3
Check: package subdirectories
Result: NOTE
    Problems with news in 'NEWS.md':
    No news entries found.
Flavors: r-devel-linux-x86_64-debian-clang, r-devel-linux-x86_64-debian-gcc, r-devel-linux-x86_64-fedora-clang, r-devel-linux-x86_64-fedora-gcc, r-devel-windows-x86_64