CRAN Package Check Results for Package tspmeta

Last updated on 2022-11-16 08:03:08 CET.

Flavor Version Tinstall Tcheck Ttotal Status Flags
r-devel-linux-x86_64-debian-clang 1.2 NOTE
r-devel-linux-x86_64-debian-gcc 1.2 14.42 116.28 130.70 NOTE
r-devel-linux-x86_64-fedora-clang 1.2 223.76 NOTE
r-devel-linux-x86_64-fedora-gcc 1.2 217.50 NOTE
r-devel-windows-x86_64 1.2 27.00 172.00 199.00 NOTE
r-patched-linux-x86_64 1.2 15.86 144.51 160.37 NOTE
r-release-linux-x86_64 1.2 16.00 144.17 160.17 NOTE
r-release-macos-arm64 1.2 52.00 NOTE
r-release-macos-x86_64 1.2 104.00 NOTE
r-release-windows-x86_64 1.2 42.00 175.00 217.00 NOTE
r-oldrel-macos-arm64 1.2 71.00 NOTE
r-oldrel-macos-x86_64 1.2 83.00 NOTE
r-oldrel-windows-ix86+x86_64 1.2 43.00 212.00 255.00 NOTE

Check Details

Version: 1.2
Check: LazyData
Result: NOTE
     'LazyData' is specified without a 'data' directory
Flavors: r-devel-linux-x86_64-debian-clang, r-devel-linux-x86_64-debian-gcc, r-devel-linux-x86_64-fedora-clang, r-devel-linux-x86_64-fedora-gcc, r-devel-windows-x86_64, r-patched-linux-x86_64, r-release-linux-x86_64, r-release-macos-arm64, r-release-macos-x86_64, r-release-windows-x86_64, r-oldrel-macos-arm64, r-oldrel-macos-x86_64, r-oldrel-windows-ix86+x86_64

Version: 1.2
Check: compiled code
Result: NOTE
    File ‘tspmeta/libs/tspmeta.so’:
     Found no calls to: ‘R_registerRoutines’, ‘R_useDynamicSymbols’
    
    It is good practice to register native routines and to disable symbol
    search.
    
    See ‘Writing portable packages’ in the ‘Writing R Extensions’ manual.
Flavors: r-devel-linux-x86_64-fedora-clang, r-devel-linux-x86_64-fedora-gcc