CRAN Package Check Results for Package tsibbletalk

Last updated on 2022-11-28 06:50:26 CET.

Flavor Version Tinstall Tcheck Ttotal Status Flags
r-devel-linux-x86_64-debian-clang 0.1.0 13.28 86.33 99.61 OK
r-devel-linux-x86_64-debian-gcc 0.1.0 10.13 65.42 75.55 OK
r-devel-linux-x86_64-fedora-clang 0.1.0 132.93 NOTE
r-devel-linux-x86_64-fedora-gcc 0.1.0 125.88 NOTE
r-devel-windows-x86_64 0.1.0 26.00 110.00 136.00 OK
r-patched-linux-x86_64 0.1.0 11.52 79.27 90.79 OK
r-release-linux-x86_64 0.1.0 9.29 81.10 90.39 OK
r-release-macos-arm64 0.1.0 35.00 NOTE
r-release-macos-x86_64 0.1.0 59.00 NOTE
r-release-windows-x86_64 0.1.0 44.00 117.00 161.00 OK
r-oldrel-macos-arm64 0.1.0 38.00 NOTE
r-oldrel-macos-x86_64 0.1.0 64.00 NOTE
r-oldrel-windows-ix86+x86_64 0.1.0 28.00 108.00 136.00 OK

Check Details

Version: 0.1.0
Check: dependencies in R code
Result: NOTE
    Namespaces in Imports field not imported from:
     ‘R6’ ‘crosstalk’
     All declared Imports should be used.
Flavors: r-devel-linux-x86_64-fedora-clang, r-devel-linux-x86_64-fedora-gcc, r-release-macos-arm64, r-release-macos-x86_64, r-oldrel-macos-arm64, r-oldrel-macos-x86_64