CRAN Package Check Results for Package truthiness

Last updated on 2022-11-16 08:03:08 CET.

Flavor Version Tinstall Tcheck Ttotal Status Flags
r-devel-linux-x86_64-debian-clang 1.2.5 OK
r-devel-linux-x86_64-debian-gcc 1.2.5 3.89 78.76 82.65 OK
r-devel-linux-x86_64-fedora-clang 1.2.5 133.40 NOTE
r-devel-linux-x86_64-fedora-gcc 1.2.5 137.41 NOTE
r-devel-windows-x86_64 1.2.5 78.00 144.00 222.00 OK
r-patched-linux-x86_64 1.2.5 4.33 95.96 100.29 OK
r-release-linux-x86_64 1.2.5 4.02 95.36 99.38 OK
r-release-macos-arm64 1.2.5 36.00 NOTE
r-release-macos-x86_64 1.2.5 63.00 NOTE
r-release-windows-x86_64 1.2.5 67.00 147.00 214.00 OK
r-oldrel-macos-arm64 1.2.5 44.00 NOTE
r-oldrel-macos-x86_64 1.2.5 71.00 NOTE
r-oldrel-windows-ix86+x86_64 1.2.5 12.00 151.00 163.00 OK

Check Details

Version: 1.2.5
Check: dependencies in R code
Result: NOTE
    Namespaces in Imports field not imported from:
     ‘DT’ ‘ez’ ‘forcats’ ‘ggplot2’
     All declared Imports should be used.
Flavors: r-devel-linux-x86_64-fedora-clang, r-devel-linux-x86_64-fedora-gcc, r-release-macos-arm64, r-release-macos-x86_64, r-oldrel-macos-arm64, r-oldrel-macos-x86_64

Version: 1.2.5
Check: data for non-ASCII characters
Result: NOTE
     Note: found 118 marked UTF-8 strings
Flavors: r-devel-linux-x86_64-fedora-clang, r-devel-linux-x86_64-fedora-gcc, r-release-macos-arm64, r-release-macos-x86_64, r-oldrel-macos-arm64, r-oldrel-macos-x86_64