CRAN Package Check Results for Package trendeval

Last updated on 2022-11-28 06:50:26 CET.

Flavor Version Tinstall Tcheck Ttotal Status Flags
r-devel-linux-x86_64-debian-clang 0.0.1 2.20 78.06 80.26 NOTE
r-devel-linux-x86_64-debian-gcc 0.0.1 1.79 54.63 56.42 NOTE
r-devel-linux-x86_64-fedora-clang 0.0.1 107.04 NOTE
r-devel-linux-x86_64-fedora-gcc 0.0.1 107.85 NOTE
r-devel-windows-x86_64 0.0.1 21.00 95.00 116.00 NOTE
r-patched-linux-x86_64 0.0.1 1.49 75.50 76.99 NOTE
r-release-linux-x86_64 0.0.1 2.29 75.50 77.79 NOTE
r-release-macos-arm64 0.0.1 28.00 NOTE
r-release-macos-x86_64 0.0.1 46.00 NOTE
r-release-windows-x86_64 0.0.1 16.00 81.00 97.00 NOTE
r-oldrel-macos-arm64 0.0.1 34.00 NOTE
r-oldrel-macos-x86_64 0.0.1 50.00 NOTE
r-oldrel-windows-ix86+x86_64 0.0.1 6.00 104.00 110.00 NOTE

Check Details

Version: 0.0.1
Check: LazyData
Result: NOTE
     'LazyData' is specified without a 'data' directory
Flavors: r-devel-linux-x86_64-debian-clang, r-devel-linux-x86_64-debian-gcc, r-devel-linux-x86_64-fedora-clang, r-devel-linux-x86_64-fedora-gcc, r-devel-windows-x86_64, r-patched-linux-x86_64, r-release-linux-x86_64, r-release-macos-arm64, r-release-macos-x86_64, r-release-windows-x86_64, r-oldrel-macos-arm64, r-oldrel-macos-x86_64, r-oldrel-windows-ix86+x86_64