Last updated on 2023-04-01 08:55:56 CEST.
Flavor | Version | Tinstall | Tcheck | Ttotal | Status | Flags |
---|---|---|---|---|---|---|
r-devel-linux-x86_64-debian-clang | 0.0.1 | 19.83 | 37.12 | 56.95 | OK | |
r-devel-linux-x86_64-debian-gcc | 0.0.1 | 16.83 | 28.04 | 44.87 | OK | |
r-devel-linux-x86_64-fedora-clang | 0.0.1 | 79.22 | NOTE | |||
r-devel-linux-x86_64-fedora-gcc | 0.0.1 | 70.74 | NOTE | |||
r-patched-linux-x86_64 | 0.0.1 | 14.27 | 35.04 | 49.31 | OK | |
r-release-linux-x86_64 | 0.0.1 | 14.25 | 36.22 | 50.47 | OK | |
r-release-macos-arm64 | 0.0.1 | 26.00 | NOTE | |||
r-release-macos-x86_64 | 0.0.1 | 36.00 | NOTE | |||
r-release-windows-x86_64 | 0.0.1 | 38.00 | 88.00 | 126.00 | OK | |
r-oldrel-macos-arm64 | 0.0.1 | 28.00 | NOTE | |||
r-oldrel-macos-x86_64 | 0.0.1 | 36.00 | NOTE | |||
r-oldrel-windows-ix86+x86_64 | 0.0.1 | 48.00 | 86.00 | 134.00 | OK |
Version: 0.0.1
Check: dependencies in R code
Result: NOTE
Namespace in Imports field not imported from: ‘Rcpp’
All declared Imports should be used.
Flavors: r-devel-linux-x86_64-fedora-clang, r-devel-linux-x86_64-fedora-gcc, r-release-macos-arm64, r-release-macos-x86_64, r-oldrel-macos-arm64, r-oldrel-macos-x86_64
Version: 0.0.1
Check: Rd cross-references
Result: NOTE
Undeclared package ‘ISLR’ in Rd xrefs
Flavor: r-devel-linux-x86_64-fedora-clang