CRAN Package Check Results for Package trawl

Last updated on 2022-12-06 07:54:28 CET.

Flavor Version Tinstall Tcheck Ttotal Status Flags
r-devel-linux-x86_64-debian-clang 0.2.2 3.73 110.42 114.15 NOTE
r-devel-linux-x86_64-debian-gcc 0.2.2 2.46 83.50 85.96 NOTE
r-devel-linux-x86_64-fedora-clang 0.2.2 151.13 NOTE
r-devel-linux-x86_64-fedora-gcc 0.2.2 163.95 NOTE
r-devel-windows-x86_64 0.2.2 22.00 199.00 221.00 NOTE
r-patched-linux-x86_64 0.2.2 4.91 110.90 115.81 NOTE
r-release-linux-x86_64 0.2.2 3.42 110.66 114.08 NOTE
r-release-macos-arm64 0.2.2 55.00 NOTE
r-release-macos-x86_64 0.2.2 105.00 NOTE
r-release-windows-x86_64 0.2.2 29.00 191.00 220.00 NOTE
r-oldrel-macos-arm64 0.2.2 68.00 NOTE
r-oldrel-macos-x86_64 0.2.2 126.00 NOTE
r-oldrel-windows-ix86+x86_64 0.2.2 10.00 183.00 193.00 NOTE

Check Details

Version: 0.2.2
Check: LazyData
Result: NOTE
     'LazyData' is specified without a 'data' directory
Flavors: r-devel-linux-x86_64-debian-clang, r-devel-linux-x86_64-debian-gcc, r-devel-linux-x86_64-fedora-clang, r-devel-linux-x86_64-fedora-gcc, r-devel-windows-x86_64, r-patched-linux-x86_64, r-release-linux-x86_64, r-release-macos-arm64, r-release-macos-x86_64, r-release-windows-x86_64, r-oldrel-macos-arm64, r-oldrel-macos-x86_64, r-oldrel-windows-ix86+x86_64