Last updated on 2023-02-06 19:54:38 CET.
Flavor | Version | Tinstall | Tcheck | Ttotal | Status | Flags |
---|---|---|---|---|---|---|
r-devel-linux-x86_64-debian-clang | 0.2-13 | 13.35 | 128.42 | 141.77 | NOTE | |
r-devel-linux-x86_64-debian-gcc | 0.2-13 | 12.31 | 96.86 | 109.17 | NOTE | |
r-devel-linux-x86_64-fedora-clang | 0.2-13 | 188.80 | NOTE | |||
r-devel-linux-x86_64-fedora-gcc | 0.2-13 | 203.85 | NOTE | |||
r-devel-windows-x86_64 | 0.2-13 | 57.00 | 239.00 | 296.00 | NOTE | |
r-patched-linux-x86_64 | 0.2-13 | 12.35 | 127.18 | 139.53 | NOTE | |
r-release-linux-x86_64 | 0.2-13 | 12.19 | 138.66 | 150.85 | NOTE | |
r-release-macos-arm64 | 0.2-13 | 132.00 | NOTE | |||
r-release-macos-x86_64 | 0.2-13 | 141.00 | NOTE | |||
r-release-windows-x86_64 | 0.2-13 | 76.00 | 261.00 | 337.00 | NOTE | |
r-oldrel-macos-arm64 | 0.2-13 | 109.00 | NOTE | |||
r-oldrel-macos-x86_64 | 0.2-13 | 145.00 | NOTE | |||
r-oldrel-windows-ix86+x86_64 | 0.2-13 | 42.00 | 246.00 | 288.00 | NOTE |
Version: 0.2-13
Check: package dependencies
Result: NOTE
Package suggested but not available for checking: ‘corpus.JSS.papers’
Flavors: r-devel-linux-x86_64-debian-clang, r-devel-linux-x86_64-debian-gcc, r-devel-linux-x86_64-fedora-clang, r-devel-linux-x86_64-fedora-gcc, r-devel-windows-x86_64, r-patched-linux-x86_64, r-release-linux-x86_64, r-release-macos-arm64, r-release-macos-x86_64, r-release-windows-x86_64, r-oldrel-macos-arm64, r-oldrel-macos-x86_64, r-oldrel-windows-ix86+x86_64
Version: 0.2-13
Check: C++ specification
Result: NOTE
Specified C++11: please update to current default of C++17
Flavors: r-devel-linux-x86_64-debian-clang, r-devel-linux-x86_64-debian-gcc, r-devel-linux-x86_64-fedora-clang, r-devel-linux-x86_64-fedora-gcc, r-devel-windows-x86_64