CRAN Package Check Results for Package tomba

Last updated on 2022-08-10 08:52:48 CEST.

Flavor Version Tinstall Tcheck Ttotal Status Flags
r-devel-linux-x86_64-debian-clang 1.0.1 2.17 27.74 29.91 OK
r-devel-linux-x86_64-debian-gcc 1.0.1 1.96 21.99 23.95 OK
r-devel-linux-x86_64-fedora-clang 1.0.1 47.46 NOTE
r-devel-linux-x86_64-fedora-gcc 1.0.1 49.86 NOTE
r-devel-windows-x86_64 1.0.1 5.00 55.00 60.00 OK
r-patched-linux-x86_64 1.0.1 2.91 27.12 30.03 OK
r-release-linux-x86_64 1.0.1 OK
r-release-macos-arm64 1.0.1 18.00 NOTE
r-release-macos-x86_64 1.0.1 27.00 NOTE
r-release-windows-x86_64 1.0.1 20.00 55.00 75.00 OK
r-oldrel-macos-arm64 1.0.1 19.00 NOTE
r-oldrel-macos-x86_64 1.0.1 25.00 NOTE
r-oldrel-windows-ix86+x86_64 1.0.1 7.00 46.00 53.00 OK

Check Details

Version: 1.0.1
Check: dependencies in R code
Result: NOTE
    Namespace in Imports field not imported from: ‘testthat’
     All declared Imports should be used.
Flavors: r-devel-linux-x86_64-fedora-clang, r-devel-linux-x86_64-fedora-gcc, r-release-macos-arm64, r-release-macos-x86_64, r-oldrel-macos-arm64, r-oldrel-macos-x86_64