CRAN Package Check Results for Package tmvnsim

Last updated on 2022-12-05 07:53:56 CET.

Flavor Version Tinstall Tcheck Ttotal Status Flags
r-devel-linux-x86_64-debian-clang 1.0-2 2.76 20.95 23.71 OK
r-devel-linux-x86_64-debian-gcc 1.0-2 2.25 16.54 18.79 OK
r-devel-linux-x86_64-fedora-clang 1.0-2 40.96 NOTE
r-devel-linux-x86_64-fedora-gcc 1.0-2 39.20 NOTE
r-devel-windows-x86_64 1.0-2 12.00 54.00 66.00 OK
r-patched-linux-x86_64 1.0-2 2.66 20.26 22.92 OK
r-release-linux-x86_64 1.0-2 2.25 20.58 22.83 OK
r-release-macos-arm64 1.0-2 17.00 OK
r-release-macos-x86_64 1.0-2 23.00 OK
r-release-windows-x86_64 1.0-2 6.00 46.00 52.00 OK
r-oldrel-macos-arm64 1.0-2 22.00 OK
r-oldrel-macos-x86_64 1.0-2 29.00 OK
r-oldrel-windows-ix86+x86_64 1.0-2 8.00 33.00 41.00 OK

Check Details

Version: 1.0-2
Check: compiled code
Result: NOTE
    File ‘tmvnsim/libs/tmvnsim.so’:
     Found no calls to: ‘R_registerRoutines’, ‘R_useDynamicSymbols’
    
    It is good practice to register native routines and to disable symbol
    search.
    
    See ‘Writing portable packages’ in the ‘Writing R Extensions’ manual.
Flavors: r-devel-linux-x86_64-fedora-clang, r-devel-linux-x86_64-fedora-gcc