Last updated on 2023-03-27 08:51:29 CEST.
Flavor | Version | Tinstall | Tcheck | Ttotal | Status | Flags |
---|---|---|---|---|---|---|
r-devel-linux-x86_64-debian-clang | 0.50.11 | 13.22 | 148.24 | 161.46 | NOTE | |
r-devel-linux-x86_64-debian-gcc | 0.50.11 | 9.68 | 113.69 | 123.37 | NOTE | |
r-devel-linux-x86_64-fedora-clang | 0.50.11 | 197.56 | NOTE | |||
r-devel-linux-x86_64-fedora-gcc | 0.50.11 | 199.37 | NOTE | |||
r-patched-linux-x86_64 | 0.50.11 | 13.20 | 139.60 | 152.80 | NOTE | |
r-release-linux-x86_64 | 0.50.11 | 8.71 | 139.52 | 148.23 | NOTE | |
r-release-macos-arm64 | 0.50.11 | 68.00 | NOTE | |||
r-release-macos-x86_64 | 0.50.11 | 87.00 | NOTE | |||
r-release-windows-x86_64 | 0.50.11 | 45.00 | 236.00 | 281.00 | OK | |
r-oldrel-macos-arm64 | 0.50.11 | 66.00 | NOTE | |||
r-oldrel-macos-x86_64 | 0.50.11 | 87.00 | NOTE | |||
r-oldrel-windows-ix86+x86_64 | 0.50.11 | 24.00 | 197.00 | 221.00 | OK |
Version: 0.50.11
Check: package dependencies
Result: NOTE
Package suggested but not available for checking: ‘pca3d’
Flavors: r-devel-linux-x86_64-debian-clang, r-devel-linux-x86_64-debian-gcc, r-devel-linux-x86_64-fedora-clang, r-devel-linux-x86_64-fedora-gcc, r-patched-linux-x86_64, r-release-linux-x86_64
Version: 0.50.11
Check: data for non-ASCII characters
Result: NOTE
Note: found 1 marked UTF-8 string
Flavors: r-devel-linux-x86_64-fedora-clang, r-devel-linux-x86_64-fedora-gcc, r-release-macos-arm64, r-release-macos-x86_64, r-oldrel-macos-arm64, r-oldrel-macos-x86_64