CRAN Package Check Results for Package timevis

Last updated on 2023-03-31 20:50:27 CEST.

Flavor Version Tinstall Tcheck Ttotal Status Flags
r-devel-linux-x86_64-debian-clang 2.1.0 3.40 41.96 45.36 OK
r-devel-linux-x86_64-debian-gcc 2.1.0 2.22 32.92 35.14 OK
r-devel-linux-x86_64-fedora-clang 2.1.0 57.26 OK
r-devel-linux-x86_64-fedora-gcc 2.1.0 54.90 OK
r-patched-linux-x86_64 2.1.0 3.33 40.93 44.26 OK
r-release-linux-x86_64 2.1.0 3.38 42.17 45.55 OK
r-release-macos-arm64 2.1.0 24.00 ERROR
r-release-macos-x86_64 2.1.0 35.00 ERROR
r-release-windows-x86_64 2.1.0 39.00 89.00 128.00 OK
r-oldrel-macos-arm64 2.1.0 29.00 WARN
r-oldrel-macos-x86_64 2.1.0 36.00 WARN
r-oldrel-windows-ix86+x86_64 2.1.0 12.00 74.00 86.00 WARN

Check Details

Version: 2.1.0
Check: PDF version of manual
Result: WARN
    LaTeX errors when creating PDF version.
    This typically indicates Rd problems.
    LaTeX errors found:
    ! Illegal parameter number in definition of \Hy@tempa.
    <to be read again>
     D
    l.967 visjs documentation}}
     .
    ! Illegal parameter number in definition of \Hy@tempa.
    <to be read again>
     D
    l.967 visjs documentation}}
     .
    ! Illegal parameter number in definition of \Hy@tempa.
    <to be read again>
     D
    l.967 visjs documentation}}
     .
    ! Illegal parameter number in definition of \Hy@tempa.
    <to be read again>
     g
    l.1023 visjs documentation}}
     .
    ! Illegal parameter number in definition of \Hy@tempa.
    <to be read again>
     g
    l.1023 visjs documentation}}
     .
    ! Illegal parameter number in definition of \Hy@tempa.
    <to be read again>
     g
    l.1023 visjs documentation}}
     .
Flavors: r-release-macos-arm64, r-release-macos-x86_64

Version: 2.1.0
Check: PDF version of manual without index
Result: ERROR
Flavors: r-release-macos-arm64, r-release-macos-x86_64

Version: 2.1.0
Check: PDF version of manual
Result: WARN
    LaTeX errors when creating PDF version.
    This typically indicates Rd problems.
    LaTeX errors found:
    ! Illegal parameter number in definition of \Hy@tempa.
    <to be read again>
     D
    l.965 visjs documentation}}
     .
    ! Illegal parameter number in definition of \Hy@tempa.
    <to be read again>
     D
    l.965 visjs documentation}}
     .
    ! Illegal parameter number in definition of \Hy@tempa.
    <to be read again>
     D
    l.965 visjs documentation}}
     .
    ! Illegal parameter number in definition of \Hy@tempa.
    <to be read again>
     g
    l.1021 visjs documentation}}
     .
    ! Illegal parameter number in definition of \Hy@tempa.
    <to be read again>
     g
    l.1021 visjs documentation}}
     .
    ! Illegal parameter number in definition of \Hy@tempa.
    <to be read again>
     g
    l.1021 visjs documentation}}
     .
Flavors: r-oldrel-macos-arm64, r-oldrel-macos-x86_64, r-oldrel-windows-ix86+x86_64