Last updated on 2023-03-22 19:53:41 CET.
Flavor | Version | Tinstall | Tcheck | Ttotal | Status | Flags |
---|---|---|---|---|---|---|
r-devel-linux-x86_64-debian-clang | 0.1.1 | 5.24 | 61.52 | 66.76 | OK | |
r-devel-linux-x86_64-debian-gcc | 0.1.1 | 4.56 | 45.18 | 49.74 | OK | |
r-devel-linux-x86_64-fedora-clang | 0.1.1 | 83.67 | NOTE | |||
r-devel-linux-x86_64-fedora-gcc | 0.1.1 | 76.89 | NOTE | |||
r-patched-linux-x86_64 | 0.1.1 | 6.33 | 58.23 | 64.56 | OK | |
r-release-linux-x86_64 | 0.1.1 | 6.25 | 59.57 | 65.82 | OK | |
r-release-macos-arm64 | 0.1.1 | 26.00 | NOTE | |||
r-release-macos-x86_64 | 0.1.1 | 51.00 | NOTE | |||
r-release-windows-x86_64 | 0.1.1 | 18.00 | 89.00 | 107.00 | OK | |
r-oldrel-macos-arm64 | 0.1.1 | 30.00 | NOTE | |||
r-oldrel-macos-x86_64 | 0.1.1 | 38.00 | NOTE | |||
r-oldrel-windows-ix86+x86_64 | 0.1.1 | 13.00 | 87.00 | 100.00 | OK |
Version: 0.1.1
Check: dependencies in R code
Result: NOTE
Namespace in Imports field not imported from: ‘base’
All declared Imports should be used.
Flavors: r-devel-linux-x86_64-fedora-clang, r-devel-linux-x86_64-fedora-gcc, r-release-macos-arm64, r-release-macos-x86_64, r-oldrel-macos-arm64, r-oldrel-macos-x86_64