Last updated on 2023-03-27 08:51:29 CEST.
Flavor | Version | Tinstall | Tcheck | Ttotal | Status | Flags |
---|---|---|---|---|---|---|
r-devel-linux-x86_64-debian-clang | 1.0.8 | 178.13 | 59.13 | 237.26 | NOTE | |
r-devel-linux-x86_64-debian-gcc | 1.0.8 | 135.04 | 45.52 | 180.56 | NOTE | |
r-devel-linux-x86_64-fedora-clang | 1.0.8 | 380.21 | NOTE | |||
r-devel-linux-x86_64-fedora-gcc | 1.0.8 | 325.37 | NOTE | |||
r-patched-linux-x86_64 | 1.0.8 | 150.40 | 56.90 | 207.30 | NOTE | |
r-release-linux-x86_64 | 1.0.8 | 139.76 | 56.98 | 196.74 | OK | |
r-release-macos-arm64 | 1.0.8 | 83.00 | NOTE | |||
r-release-macos-x86_64 | 1.0.8 | 110.00 | NOTE | |||
r-release-windows-x86_64 | 1.0.8 | 181.00 | 120.00 | 301.00 | OK | |
r-oldrel-macos-arm64 | 1.0.8 | 81.00 | NOTE | |||
r-oldrel-macos-x86_64 | 1.0.8 | 123.00 | NOTE | |||
r-oldrel-windows-ix86+x86_64 | 1.0.8 | 435.00 | 126.00 | 561.00 | OK |
Version: 1.0.8
Check: C++ specification
Result: NOTE
Specified C++11: please drop specification unless essential
Flavors: r-devel-linux-x86_64-debian-clang, r-devel-linux-x86_64-debian-gcc, r-devel-linux-x86_64-fedora-clang, r-devel-linux-x86_64-fedora-gcc, r-patched-linux-x86_64
Version: 1.0.8
Check: installed package size
Result: NOTE
installed size is 9.8Mb
sub-directories of 1Mb or more:
libs 8.8Mb
Flavors: r-release-macos-arm64, r-release-macos-x86_64, r-oldrel-macos-arm64, r-oldrel-macos-x86_64