Last updated on 2023-09-23 08:11:11 CEST.
Flavor | Version | Tinstall | Tcheck | Ttotal | Status | Flags |
---|---|---|---|---|---|---|
r-devel-linux-x86_64-debian-clang | 0.1.0 | 12.98 | 109.84 | 122.82 | OK | |
r-devel-linux-x86_64-debian-gcc | 0.1.0 | 9.74 | 80.07 | 89.81 | OK | |
r-devel-linux-x86_64-fedora-clang | 0.1.0 | 148.76 | NOTE | |||
r-devel-linux-x86_64-fedora-gcc | 0.1.0 | 142.35 | NOTE | |||
r-devel-windows-x86_64 | 0.1.0 | 11.00 | 98.00 | 109.00 | OK | |
r-patched-linux-x86_64 | 0.1.0 | 17.87 | 101.86 | 119.73 | OK | |
r-release-linux-x86_64 | 0.1.0 | 9.66 | 103.18 | 112.84 | OK | |
r-release-macos-arm64 | 0.1.0 | 46.00 | OK | |||
r-release-macos-x86_64 | 0.1.0 | 70.00 | OK | |||
r-release-windows-x86_64 | 0.1.0 | 17.00 | 110.00 | 127.00 | OK | |
r-oldrel-macos-arm64 | 0.1.0 | 42.00 | NOTE | |||
r-oldrel-macos-x86_64 | 0.1.0 | 60.00 | NOTE | |||
r-oldrel-windows-x86_64 | 0.1.0 | 15.00 | 115.00 | 130.00 | OK |
Version: 0.1.0
Check: dependencies in R code
Result: NOTE
Namespace in Imports field not imported from: ‘reticulate’
All declared Imports should be used.
Flavors: r-devel-linux-x86_64-fedora-clang, r-devel-linux-x86_64-fedora-gcc, r-oldrel-macos-arm64, r-oldrel-macos-x86_64