CRAN Package Check Results for Package tidyCpp

Last updated on 2022-08-16 20:53:27 CEST.

Flavor Version Tinstall Tcheck Ttotal Status Flags
r-devel-linux-x86_64-debian-clang 0.0.6 1.15 16.97 18.12 OK
r-devel-linux-x86_64-debian-gcc 0.0.6 1.02 12.81 13.83 OK
r-devel-linux-x86_64-fedora-clang 0.0.6 33.39 OK
r-devel-linux-x86_64-fedora-gcc 0.0.6 33.04 OK
r-devel-windows-x86_64 0.0.6 11.00 40.00 51.00 OK
r-patched-linux-x86_64 0.0.6 1.66 15.91 17.57 OK
r-release-linux-x86_64 0.0.6 1.34 15.88 17.22 OK
r-release-macos-arm64 0.0.6 12.00 OK
r-release-macos-x86_64 0.0.6 17.00 OK
r-release-windows-x86_64 0.0.6 9.00 40.00 49.00 OK
r-oldrel-macos-arm64 0.0.6 19.00 OK
r-oldrel-macos-x86_64 0.0.6 19.00 NOTE
r-oldrel-windows-ix86+x86_64 0.0.6 5.00 39.00 44.00 OK

Check Details

Version: 0.0.6
Check: re-building of vignette outputs
Result: NOTE
    Error(s) in re-building vignettes:
     ...
    --- re-building ‘motivation.md’ using mdweave_to_html
    Cannot find pandoc. Not able to weave vignette.
    Error: processing vignette 'motivation.md' failed with diagnostics:
    Failed to locate ‘weave’ output file ‘motivation.pdf’ or ‘motivation.html’ for vignette with name ‘motivation’ and engine ‘simplermarkdown::mdweave_to_html’. The following files exist in working directory ‘/Volumes/Builds/packages/high-sierra-x86_64/results/4.1/tidyCpp.Rcheck/vign_test/tidyCpp/vignettes’: ‘motivation.md’ (18115 bytes), ‘water.css’ (1193 bytes)
    --- failed re-building ‘motivation.md’
    
    SUMMARY: processing the following file failed:
     ‘motivation.md’
    
    Error: Vignette re-building failed.
    Execution halted
Flavor: r-oldrel-macos-x86_64