CRAN Package Check Results for Package thurstonianIRT

Last updated on 2022-12-03 07:56:49 CET.

Flavor Version Tinstall Tcheck Ttotal Status Flags
r-devel-linux-x86_64-debian-clang 0.12.1 258.90 165.04 423.94 NOTE
r-devel-linux-x86_64-debian-gcc 0.12.1 232.18 133.08 365.26 NOTE
r-devel-linux-x86_64-fedora-clang 0.12.1 542.97 NOTE
r-devel-linux-x86_64-fedora-gcc 0.12.1 624.11 NOTE
r-devel-windows-x86_64 0.12.1 288.00 243.00 531.00 NOTE
r-patched-linux-x86_64 0.12.1 249.93 166.40 416.33 NOTE
r-release-linux-x86_64 0.12.1 203.27 170.39 373.66 NOTE
r-release-macos-arm64 0.12.1 141.00 NOTE
r-release-macos-x86_64 0.12.1 252.00 NOTE
r-release-windows-x86_64 0.12.1 214.00 250.00 464.00 NOTE
r-oldrel-macos-arm64 0.12.1 162.00 NOTE
r-oldrel-macos-x86_64 0.12.1 188.00 NOTE
r-oldrel-windows-ix86+x86_64 0.12.1 575.00 320.00 895.00 NOTE

Additional issues

donttest

Check Details

Version: 0.12.1
Check: for GNU extensions in Makefiles
Result: NOTE
    GNU make is a SystemRequirements.
Flavors: r-devel-linux-x86_64-debian-clang, r-devel-linux-x86_64-debian-gcc, r-devel-linux-x86_64-fedora-clang, r-devel-linux-x86_64-fedora-gcc, r-devel-windows-x86_64, r-patched-linux-x86_64, r-release-linux-x86_64, r-release-macos-arm64, r-release-macos-x86_64, r-release-windows-x86_64, r-oldrel-macos-arm64, r-oldrel-macos-x86_64, r-oldrel-windows-ix86+x86_64

Version: 0.12.1
Check: dependencies in R code
Result: NOTE
    Namespaces in Imports field not imported from:
     ‘RcppParallel’ ‘knitr’
     All declared Imports should be used.
Flavors: r-devel-linux-x86_64-fedora-clang, r-devel-linux-x86_64-fedora-gcc, r-release-macos-arm64, r-release-macos-x86_64, r-oldrel-macos-arm64, r-oldrel-macos-x86_64

Version: 0.12.1
Check: installed package size
Result: NOTE
     installed size is 48.3Mb
     sub-directories of 1Mb or more:
     libs 47.9Mb
Flavors: r-release-macos-arm64, r-release-macos-x86_64, r-oldrel-macos-arm64, r-oldrel-macos-x86_64, r-oldrel-windows-ix86+x86_64