CRAN Package Check Results for Package theft

Last updated on 2023-03-25 19:54:18 CET.

Flavor Version Tinstall Tcheck Ttotal Status Flags
r-devel-linux-x86_64-debian-clang 0.4.2.3 23.01 210.26 233.27 OK
r-devel-linux-x86_64-debian-gcc 0.4.2.3 18.36 159.11 177.47 OK
r-devel-linux-x86_64-fedora-clang 0.4.2.3 320.24 OK
r-devel-linux-x86_64-fedora-gcc 0.4.2.3 291.71 OK
r-patched-linux-x86_64 0.4.2.3 22.25 199.49 221.74 OK
r-release-linux-x86_64 0.4.2.3 18.28 198.09 216.37 OK
r-release-macos-arm64 0.4.2.3 72.00 ERROR
r-release-macos-x86_64 0.4.2.3 114.00 ERROR
r-release-windows-x86_64 0.4.2.3 43.00 226.00 269.00 OK
r-oldrel-macos-arm64 0.4.2.3 61.00 ERROR
r-oldrel-macos-x86_64 0.4.2.3 112.00 ERROR
r-oldrel-windows-ix86+x86_64 0.4.2.3 51.00 231.00 282.00 ERROR

Check Details

Version: 0.4.2.3
Check: PDF version of manual
Result: WARN
    LaTeX errors when creating PDF version.
    This typically indicates Rd problems.
    LaTeX errors found:
    ! Undefined control sequence.
    <argument> x_{i} - \text
     {min}(\mathbf {x})
    l.449 ...(\mathbf{x}) - \text{min}(\mathbf{x})}}{}
    
    ! Undefined control sequence.
    <argument> \text
     {max}(\mathbf {x}) - \text {min}(\mathbf {x})
    l.449 ...(\mathbf{x}) - \text{min}(\mathbf{x})}}{}
    
    ! Undefined control sequence.
    <argument> \text {max}(\mathbf {x}) - \text
     {min}(\mathbf {x})
    l.449 ...(\mathbf{x}) - \text{min}(\mathbf{x})}}{}
    
    ! Undefined control sequence.
    <argument> x_{i} - \text
     {median}(\mathbf {x})
    l.656 ...\mathbf{x})/{1.35}}\right)\right]^{-1}}{}
    
    ! Undefined control sequence.
    <argument> \text
     {IQR}(\mathbf {x})/{1.35}
    l.656 ...\mathbf{x})/{1.35}}\right)\right]^{-1}}{}
Flavors: r-release-macos-arm64, r-release-macos-x86_64

Version: 0.4.2.3
Check: PDF version of manual without index
Result: ERROR
Flavors: r-release-macos-arm64, r-release-macos-x86_64

Version: 0.4.2.3
Check: PDF version of manual
Result: WARN
    LaTeX errors when creating PDF version.
    This typically indicates Rd problems.
    LaTeX errors found:
    ! Undefined control sequence.
    <argument> x_{i} - \text
     {min}(\mathbf {x})
    l.447 ...(\mathbf{x}) - \text{min}(\mathbf{x})}}{}
    
    ! Undefined control sequence.
    <argument> \text
     {max}(\mathbf {x}) - \text {min}(\mathbf {x})
    l.447 ...(\mathbf{x}) - \text{min}(\mathbf{x})}}{}
    
    ! Undefined control sequence.
    <argument> \text {max}(\mathbf {x}) - \text
     {min}(\mathbf {x})
    l.447 ...(\mathbf{x}) - \text{min}(\mathbf{x})}}{}
    
    ! Undefined control sequence.
    <argument> x_{i} - \text
     {median}(\mathbf {x})
    l.654 ...\mathbf{x})/{1.35}}\right)\right]^{-1}}{}
    
    ! Undefined control sequence.
    <argument> \text
     {IQR}(\mathbf {x})/{1.35}
    l.654 ...\mathbf{x})/{1.35}}\right)\right]^{-1}}{}
Flavors: r-oldrel-macos-arm64, r-oldrel-macos-x86_64, r-oldrel-windows-ix86+x86_64

Version: 0.4.2.3
Check: PDF version of manual without hyperrefs or index
Result: ERROR
Flavors: r-oldrel-macos-arm64, r-oldrel-macos-x86_64, r-oldrel-windows-ix86+x86_64

Version: 0.4.2.3
Check: R code for possible problems
Result: NOTE
    Initiating curl with CURL_SSL_BACKEND: openssl
Flavor: r-oldrel-windows-ix86+x86_64