Last updated on 2023-02-04 19:58:26 CET.
Flavor | Version | Tinstall | Tcheck | Ttotal | Status | Flags |
---|---|---|---|---|---|---|
r-devel-linux-x86_64-debian-clang | 2.4-21 | 37.67 | 59.60 | 97.27 | OK | --no-vignettes |
r-devel-linux-x86_64-debian-gcc | 2.4-21 | 30.59 | 44.95 | 75.54 | OK | --no-vignettes |
r-devel-linux-x86_64-fedora-clang | 2.4-21 | 148.76 | NOTE | --no-vignettes | ||
r-devel-linux-x86_64-fedora-gcc | 2.4-21 | 122.08 | OK | --no-vignettes | ||
r-devel-windows-x86_64 | 2.4-21 | 73.00 | 77.00 | 150.00 | OK | --no-examples --no-tests --no-vignettes |
r-patched-linux-x86_64 | 2.4-21 | 27.85 | 56.39 | 84.24 | OK | --no-vignettes |
r-release-linux-x86_64 | 2.4-21 | 28.13 | 54.79 | 82.92 | OK | --no-vignettes |
r-release-macos-arm64 | 2.4-21 | 40.00 | NOTE | --no-vignettes | ||
r-release-macos-x86_64 | 2.4-21 | 49.00 | OK | --no-vignettes | ||
r-release-windows-x86_64 | 2.4-21 | 75.00 | 71.00 | 146.00 | OK | --no-examples --no-tests --no-vignettes |
r-oldrel-macos-arm64 | 2.4-21 | 41.00 | NOTE | --no-vignettes | ||
r-oldrel-macos-x86_64 | 2.4-21 | 51.00 | OK | --no-vignettes | ||
r-oldrel-windows-ix86+x86_64 | 2.4-21 | 91.00 | 78.00 | 169.00 | NOTE | --no-examples --no-tests --no-vignettes |
Version: 2.4-21
Flags: --no-vignettes
Check: Rd cross-references
Result: NOTE
Undeclared package ‘akima’ in Rd xrefs
Flavor: r-devel-linux-x86_64-fedora-clang
Version: 2.4-21
Flags: --no-vignettes
Check: installed package size
Result: NOTE
installed size is 5.0Mb
sub-directories of 1Mb or more:
doc 2.7Mb
libs 1.8Mb
Flavors: r-release-macos-arm64, r-oldrel-macos-arm64
Version: 2.4-21
Flags: --no-examples --no-tests --no-vignettes
Check: installed package size
Result: NOTE
installed size is 5.4Mb
sub-directories of 1Mb or more:
doc 2.7Mb
libs 2.2Mb
Flavor: r-oldrel-windows-ix86+x86_64