CRAN Package Check Results for Package tfdeploy

Last updated on 2024-02-23 07:52:23 CET.

Flavor Version Tinstall Tcheck Ttotal Status Flags
r-devel-linux-x86_64-debian-clang 0.6.1 NOTE
r-devel-linux-x86_64-debian-gcc 0.6.1 7.39 67.02 74.41 NOTE
r-devel-linux-x86_64-fedora-clang 0.6.1 120.16 NOTE
r-devel-linux-x86_64-fedora-gcc 0.6.1 126.86 NOTE
r-devel-windows-x86_64 0.6.1 10.00 111.00 121.00 NOTE
r-patched-linux-x86_64 0.6.1 9.98 85.97 95.95 NOTE
r-release-linux-x86_64 0.6.1 10.09 87.31 97.40 NOTE
r-release-macos-arm64 0.6.1 46.00 NOTE
r-release-macos-x86_64 0.6.1 75.00 NOTE
r-release-windows-x86_64 0.6.1 11.00 111.00 122.00 NOTE
r-oldrel-macos-arm64 0.6.1 32.00 NOTE
r-oldrel-windows-x86_64 0.6.1 12.00 116.00 128.00 NOTE

Check Details

Version: 0.6.1
Check: LazyData
Result: NOTE 'LazyData' is specified without a 'data' directory Flavors: r-devel-linux-x86_64-debian-clang, r-devel-linux-x86_64-debian-gcc, r-devel-linux-x86_64-fedora-clang, r-devel-linux-x86_64-fedora-gcc, r-devel-windows-x86_64, r-patched-linux-x86_64, r-release-linux-x86_64, r-release-macos-arm64, r-release-macos-x86_64, r-release-windows-x86_64, r-oldrel-macos-arm64, r-oldrel-windows-x86_64