Last updated on 2022-08-09 08:52:07 CEST.
Flavor | Version | Tinstall | Tcheck | Ttotal | Status | Flags |
---|---|---|---|---|---|---|
r-devel-linux-x86_64-debian-clang | 0.3.2 | 210.98 | 74.42 | 285.40 | OK | |
r-devel-linux-x86_64-debian-gcc | 0.3.2 | 171.82 | 55.45 | 227.27 | OK | |
r-devel-linux-x86_64-fedora-clang | 0.3.2 | 446.11 | NOTE | |||
r-devel-linux-x86_64-fedora-gcc | 0.3.2 | 384.85 | OK | |||
r-devel-windows-x86_64 | 0.3.2 | 187.00 | 142.00 | 329.00 | OK | |
r-patched-linux-x86_64 | 0.3.2 | 191.16 | 67.95 | 259.11 | OK | |
r-release-linux-x86_64 | 0.3.2 | OK | ||||
r-release-macos-arm64 | 0.3.2 | 102.00 | NOTE | |||
r-release-macos-x86_64 | 0.3.2 | 113.00 | NOTE | |||
r-release-windows-x86_64 | 0.3.2 | 189.00 | 137.00 | 326.00 | OK | |
r-oldrel-macos-arm64 | 0.3.2 | 105.00 | NOTE | |||
r-oldrel-macos-x86_64 | 0.3.2 | 118.00 | NOTE | |||
r-oldrel-windows-ix86+x86_64 | 0.3.2 | 537.00 | 121.00 | 658.00 | OK |
Version: 0.3.2
Check: installed package size
Result: NOTE
installed size is 5.2Mb
sub-directories of 1Mb or more:
libs 4.4Mb
Flavors: r-devel-linux-x86_64-fedora-clang, r-release-macos-arm64, r-release-macos-x86_64, r-oldrel-macos-arm64, r-oldrel-macos-x86_64