CRAN Package Check Results for Package textmineR

Last updated on 2022-12-04 07:55:23 CET.

Flavor Version Tinstall Tcheck Ttotal Status Flags
r-devel-linux-x86_64-debian-clang 3.0.5 110.31 405.41 515.72 OK
r-devel-linux-x86_64-debian-gcc 3.0.5 91.75 292.73 384.48 OK
r-devel-linux-x86_64-fedora-clang 3.0.5 700.84 NOTE
r-devel-linux-x86_64-fedora-gcc 3.0.5 753.57 OK
r-devel-windows-x86_64 3.0.5 120.00 515.00 635.00 OK
r-patched-linux-x86_64 3.0.5 105.02 402.00 507.02 OK
r-release-linux-x86_64 3.0.5 100.97 405.69 506.66 OK
r-release-macos-arm64 3.0.5 180.00 NOTE
r-release-macos-x86_64 3.0.5 221.00 NOTE
r-release-windows-x86_64 3.0.5 111.00 565.00 676.00 OK
r-oldrel-macos-arm64 3.0.5 216.00 NOTE
r-oldrel-macos-x86_64 3.0.5 213.00 NOTE
r-oldrel-windows-ix86+x86_64 3.0.5 262.00 685.00 947.00 OK

Check Details

Version: 3.0.5
Check: Rd cross-references
Result: NOTE
    Undeclared package ‘tm’ in Rd xrefs
Flavor: r-devel-linux-x86_64-fedora-clang

Version: 3.0.5
Check: installed package size
Result: NOTE
     installed size is 5.4Mb
     sub-directories of 1Mb or more:
     libs 3.5Mb
Flavors: r-release-macos-arm64, r-release-macos-x86_64, r-oldrel-macos-arm64, r-oldrel-macos-x86_64