Last updated on 2023-09-24 08:58:32 CEST.
Flavor | Version | Tinstall | Tcheck | Ttotal | Status | Flags |
---|---|---|---|---|---|---|
r-devel-linux-x86_64-debian-clang | 0.6.2 | 55.93 | 108.75 | 164.68 | NOTE | |
r-devel-linux-x86_64-debian-gcc | 0.6.2 | 43.99 | 83.26 | 127.25 | NOTE | |
r-devel-linux-x86_64-fedora-clang | 0.6.2 | 208.31 | OK | |||
r-devel-linux-x86_64-fedora-gcc | 0.6.2 | 212.42 | OK | |||
r-devel-windows-x86_64 | 0.6.2 | 42.00 | 121.00 | 163.00 | NOTE | |
r-patched-linux-x86_64 | 0.6.2 | 44.54 | 106.46 | 151.00 | NOTE | |
r-release-linux-x86_64 | 0.6.2 | 57.97 | 106.70 | 164.67 | NOTE | |
r-release-macos-arm64 | 0.6.2 | 66.00 | NOTE | |||
r-release-macos-x86_64 | 0.6.2 | 101.00 | NOTE | |||
r-release-windows-x86_64 | 0.6.2 | 54.00 | 147.00 | 201.00 | NOTE | |
r-oldrel-macos-arm64 | 0.6.2 | 50.00 | NOTE | |||
r-oldrel-macos-x86_64 | 0.6.2 | 77.00 | NOTE | |||
r-oldrel-windows-x86_64 | 0.6.2 | 50.00 | 127.00 | 177.00 | NOTE |
Version: 0.6.2
Check: package dependencies
Result: NOTE
Package suggested but not available for checking: ‘INLA’
Flavors: r-devel-linux-x86_64-debian-clang, r-devel-linux-x86_64-debian-gcc, r-devel-windows-x86_64, r-patched-linux-x86_64, r-release-linux-x86_64, r-release-macos-arm64, r-release-macos-x86_64, r-release-windows-x86_64, r-oldrel-macos-arm64, r-oldrel-macos-x86_64, r-oldrel-windows-x86_64
Version: 0.6.2
Check: installed package size
Result: NOTE
installed size is 11.0Mb
sub-directories of 1Mb or more:
libs 10.5Mb
Flavors: r-release-macos-arm64, r-release-macos-x86_64, r-oldrel-macos-arm64, r-oldrel-macos-x86_64