CRAN Package Check Results for Package tangram

Last updated on 2022-12-03 07:56:49 CET.

Flavor Version Tinstall Tcheck Ttotal Status Flags
r-devel-linux-x86_64-debian-clang 0.8.1 19.83 80.03 99.86 ERROR
r-devel-linux-x86_64-debian-gcc 0.8.1 12.56 60.22 72.78 ERROR
r-devel-linux-x86_64-fedora-clang 0.8.1 105.31 ERROR
r-devel-linux-x86_64-fedora-gcc 0.8.1 133.52 ERROR
r-devel-windows-x86_64 0.8.1 78.00 122.00 200.00 OK
r-patched-linux-x86_64 0.8.1 18.68 72.18 90.86 OK
r-release-linux-x86_64 0.8.1 15.74 72.97 88.71 OK
r-release-macos-arm64 0.8.1 33.00 OK
r-release-macos-x86_64 0.8.1 48.00 OK
r-release-windows-x86_64 0.8.1 102.00 116.00 218.00 OK
r-oldrel-macos-arm64 0.8.1 36.00 OK
r-oldrel-macos-x86_64 0.8.1 49.00 OK
r-oldrel-windows-ix86+x86_64 0.8.1 28.00 110.00 138.00 WARN

Check Details

Version: 0.8.1
Check: tests
Result: ERROR
     Running 'testthat.R' [6s/7s]
    Running the tests in 'tests/testthat.R' failed.
    Complete output:
     > library(testthat)
     > library(tangram)
     Loading required package: R6
     Loading required package: magrittr
    
     Attaching package: 'magrittr'
    
     The following objects are masked from 'package:testthat':
    
     equals, is_less_than, not
    
     Loading required package: knitr
     >
     > test_check("tangram")
     [ FAIL 11 | WARN 0 | SKIP 0 | PASS 228 ]
    
     == Failed tests ================================================================
     -- Error (???): All x:NA removed -----------------------------------------------
     Error in `exclude_data(exclude_test_data, list(x = NA))`: non-interactive browser() -- left over from debugging?
     Backtrace:
     x
     1. +-testthat::expect_true(...)
     2. | \-testthat::quasi_label(enquo(object), label, arg = "object")
     3. | \-rlang::eval_bare(expr, quo_get_env(quo))
     4. \-tangram:::exclude_data(exclude_test_data, list(x = NA))
     -- Error (???): All x:NA,2 removed ---------------------------------------------
     Error in `exclude_data(exclude_test_data, list(x = c(NA, 2)))`: non-interactive browser() -- left over from debugging?
     Backtrace:
     x
     1. +-testthat::expect_true(...)
     2. | \-testthat::quasi_label(enquo(object), label, arg = "object")
     3. | \-rlang::eval_bare(expr, quo_get_env(quo))
     4. \-tangram:::exclude_data(exclude_test_data, list(x = c(NA, 2)))
     -- Error (???): All y:A removed ------------------------------------------------
     Error in `exclude_data(exclude_test_data, list(y = "A"))`: non-interactive browser() -- left over from debugging?
     Backtrace:
     x
     1. +-testthat::expect_true(...)
     2. | \-testthat::quasi_label(enquo(object), label, arg = "object")
     3. | \-rlang::eval_bare(expr, quo_get_env(quo))
     4. \-tangram:::exclude_data(exclude_test_data, list(y = "A"))
     -- Error (???): y:A factor dropped ---------------------------------------------
     Error in `exclude_data(exclude_test_data, list(y = c("A")))`: non-interactive browser() -- left over from debugging?
     Backtrace:
     x
     1. +-testthat::expect_true(...)
     2. | \-testthat::quasi_label(enquo(object), label, arg = "object")
     3. | \-rlang::eval_bare(expr, quo_get_env(quo))
     4. +-base::levels(...)
     5. \-tangram:::exclude_data(exclude_test_data, list(y = c("A")))
     -- Error (???): All y:A,NA removed ---------------------------------------------
     Error in `exclude_data(exclude_test_data, list(y = c("A", NA)))`: non-interactive browser() -- left over from debugging?
     Backtrace:
     x
     1. +-testthat::expect_true(...)
     2. | \-testthat::quasi_label(enquo(object), label, arg = "object")
     3. | \-rlang::eval_bare(expr, quo_get_env(quo))
     4. \-tangram:::exclude_data(exclude_test_data, list(y = c("A", NA)))
     -- Error (???): All y:A, z:Joe removed -----------------------------------------
     Error in `exclude_data(exclude_test_data, list(y = c("A"), x = "Joe"))`: non-interactive browser() -- left over from debugging?
     Backtrace:
     x
     1. +-testthat::expect_true(...)
     2. | \-testthat::quasi_label(enquo(object), label, arg = "object")
     3. | \-rlang::eval_bare(expr, quo_get_env(quo))
     4. \-tangram:::exclude_data(exclude_test_data, list(y = c("A"), x = "Joe"))
     -- Error (???): All NA removed -------------------------------------------------
     Error in `exclude_data(exclude_test_data, NA)`: non-interactive browser() -- left over from debugging?
     Backtrace:
     x
     1. +-testthat::expect_true(...)
     2. | \-testthat::quasi_label(enquo(object), label, arg = "object")
     3. | \-rlang::eval_bare(expr, quo_get_env(quo))
     4. \-tangram:::exclude_data(exclude_test_data, NA)
     -- Error (???): All NaN removed ------------------------------------------------
     Error in `exclude_data(exclude_test_data, NaN)`: non-interactive browser() -- left over from debugging?
     Backtrace:
     x
     1. +-testthat::expect_true(...)
     2. | \-testthat::quasi_label(enquo(object), label, arg = "object")
     3. | \-rlang::eval_bare(expr, quo_get_env(quo))
     4. \-tangram:::exclude_data(exclude_test_data, NaN)
     -- Error (???): All -Inf removed -----------------------------------------------
     Error in `exclude_data(exclude_test_data, -Inf)`: non-interactive browser() -- left over from debugging?
     Backtrace:
     x
     1. +-testthat::expect_true(...)
     2. | \-testthat::quasi_label(enquo(object), label, arg = "object")
     3. | \-rlang::eval_bare(expr, quo_get_env(quo))
     4. \-tangram:::exclude_data(exclude_test_data, -Inf)
     -- Error (???): All 2 removed --------------------------------------------------
     Error in `exclude_data(exclude_test_data, 2)`: non-interactive browser() -- left over from debugging?
     Backtrace:
     x
     1. +-testthat::expect_true(...)
     2. | \-testthat::quasi_label(enquo(object), label, arg = "object")
     3. | \-rlang::eval_bare(expr, quo_get_env(quo))
     4. \-tangram:::exclude_data(exclude_test_data, 2)
     -- Error (???): All NA, NaN removed --------------------------------------------
     Error in `exclude_data(exclude_test_data, c(NA, NaN))`: non-interactive browser() -- left over from debugging?
     Backtrace:
     x
     1. +-testthat::expect_true(...)
     2. | \-testthat::quasi_label(enquo(object), label, arg = "object")
     3. | \-rlang::eval_bare(expr, quo_get_env(quo))
     4. \-tangram:::exclude_data(exclude_test_data, c(NA, NaN))
    
     [ FAIL 11 | WARN 0 | SKIP 0 | PASS 228 ]
     Error: Test failures
     Execution halted
Flavor: r-devel-linux-x86_64-debian-clang

Version: 0.8.1
Check: tests
Result: ERROR
     Running ‘testthat.R’ [4s/7s]
    Running the tests in ‘tests/testthat.R’ failed.
    Complete output:
     > library(testthat)
     > library(tangram)
     Loading required package: R6
     Loading required package: magrittr
    
     Attaching package: 'magrittr'
    
     The following objects are masked from 'package:testthat':
    
     equals, is_less_than, not
    
     Loading required package: knitr
     >
     > test_check("tangram")
     [ FAIL 11 | WARN 0 | SKIP 0 | PASS 228 ]
    
     ══ Failed tests ════════════════════════════════════════════════════════════════
     ── Error (???): All x:NA removed ───────────────────────────────────────────────
     Error in `exclude_data(exclude_test_data, list(x = NA))`: non-interactive browser() -- left over from debugging?
     Backtrace:
     ▆
     1. ├─testthat::expect_true(...)
     2. │ └─testthat::quasi_label(enquo(object), label, arg = "object")
     3. │ └─rlang::eval_bare(expr, quo_get_env(quo))
     4. └─tangram:::exclude_data(exclude_test_data, list(x = NA))
     ── Error (???): All x:NA,2 removed ─────────────────────────────────────────────
     Error in `exclude_data(exclude_test_data, list(x = c(NA, 2)))`: non-interactive browser() -- left over from debugging?
     Backtrace:
     ▆
     1. ├─testthat::expect_true(...)
     2. │ └─testthat::quasi_label(enquo(object), label, arg = "object")
     3. │ └─rlang::eval_bare(expr, quo_get_env(quo))
     4. └─tangram:::exclude_data(exclude_test_data, list(x = c(NA, 2)))
     ── Error (???): All y:A removed ────────────────────────────────────────────────
     Error in `exclude_data(exclude_test_data, list(y = "A"))`: non-interactive browser() -- left over from debugging?
     Backtrace:
     ▆
     1. ├─testthat::expect_true(...)
     2. │ └─testthat::quasi_label(enquo(object), label, arg = "object")
     3. │ └─rlang::eval_bare(expr, quo_get_env(quo))
     4. └─tangram:::exclude_data(exclude_test_data, list(y = "A"))
     ── Error (???): y:A factor dropped ─────────────────────────────────────────────
     Error in `exclude_data(exclude_test_data, list(y = c("A")))`: non-interactive browser() -- left over from debugging?
     Backtrace:
     ▆
     1. ├─testthat::expect_true(...)
     2. │ └─testthat::quasi_label(enquo(object), label, arg = "object")
     3. │ └─rlang::eval_bare(expr, quo_get_env(quo))
     4. ├─base::levels(...)
     5. └─tangram:::exclude_data(exclude_test_data, list(y = c("A")))
     ── Error (???): All y:A,NA removed ─────────────────────────────────────────────
     Error in `exclude_data(exclude_test_data, list(y = c("A", NA)))`: non-interactive browser() -- left over from debugging?
     Backtrace:
     ▆
     1. ├─testthat::expect_true(...)
     2. │ └─testthat::quasi_label(enquo(object), label, arg = "object")
     3. │ └─rlang::eval_bare(expr, quo_get_env(quo))
     4. └─tangram:::exclude_data(exclude_test_data, list(y = c("A", NA)))
     ── Error (???): All y:A, z:Joe removed ─────────────────────────────────────────
     Error in `exclude_data(exclude_test_data, list(y = c("A"), x = "Joe"))`: non-interactive browser() -- left over from debugging?
     Backtrace:
     ▆
     1. ├─testthat::expect_true(...)
     2. │ └─testthat::quasi_label(enquo(object), label, arg = "object")
     3. │ └─rlang::eval_bare(expr, quo_get_env(quo))
     4. └─tangram:::exclude_data(exclude_test_data, list(y = c("A"), x = "Joe"))
     ── Error (???): All NA removed ─────────────────────────────────────────────────
     Error in `exclude_data(exclude_test_data, NA)`: non-interactive browser() -- left over from debugging?
     Backtrace:
     ▆
     1. ├─testthat::expect_true(...)
     2. │ └─testthat::quasi_label(enquo(object), label, arg = "object")
     3. │ └─rlang::eval_bare(expr, quo_get_env(quo))
     4. └─tangram:::exclude_data(exclude_test_data, NA)
     ── Error (???): All NaN removed ────────────────────────────────────────────────
     Error in `exclude_data(exclude_test_data, NaN)`: non-interactive browser() -- left over from debugging?
     Backtrace:
     ▆
     1. ├─testthat::expect_true(...)
     2. │ └─testthat::quasi_label(enquo(object), label, arg = "object")
     3. │ └─rlang::eval_bare(expr, quo_get_env(quo))
     4. └─tangram:::exclude_data(exclude_test_data, NaN)
     ── Error (???): All -Inf removed ───────────────────────────────────────────────
     Error in `exclude_data(exclude_test_data, -Inf)`: non-interactive browser() -- left over from debugging?
     Backtrace:
     ▆
     1. ├─testthat::expect_true(...)
     2. │ └─testthat::quasi_label(enquo(object), label, arg = "object")
     3. │ └─rlang::eval_bare(expr, quo_get_env(quo))
     4. └─tangram:::exclude_data(exclude_test_data, -Inf)
     ── Error (???): All 2 removed ──────────────────────────────────────────────────
     Error in `exclude_data(exclude_test_data, 2)`: non-interactive browser() -- left over from debugging?
     Backtrace:
     ▆
     1. ├─testthat::expect_true(...)
     2. │ └─testthat::quasi_label(enquo(object), label, arg = "object")
     3. │ └─rlang::eval_bare(expr, quo_get_env(quo))
     4. └─tangram:::exclude_data(exclude_test_data, 2)
     ── Error (???): All NA, NaN removed ────────────────────────────────────────────
     Error in `exclude_data(exclude_test_data, c(NA, NaN))`: non-interactive browser() -- left over from debugging?
     Backtrace:
     ▆
     1. ├─testthat::expect_true(...)
     2. │ └─testthat::quasi_label(enquo(object), label, arg = "object")
     3. │ └─rlang::eval_bare(expr, quo_get_env(quo))
     4. └─tangram:::exclude_data(exclude_test_data, c(NA, NaN))
    
     [ FAIL 11 | WARN 0 | SKIP 0 | PASS 228 ]
     Error: Test failures
     Execution halted
Flavor: r-devel-linux-x86_64-debian-gcc

Version: 0.8.1
Check: tests
Result: ERROR
     Running ‘testthat.R’
    Running the tests in ‘tests/testthat.R’ failed.
    Complete output:
     > library(testthat)
     > library(tangram)
     Loading required package: R6
     Loading required package: magrittr
    
     Attaching package: 'magrittr'
    
     The following objects are masked from 'package:testthat':
    
     equals, is_less_than, not
    
     Loading required package: knitr
     >
     > test_check("tangram")
     [ FAIL 11 | WARN 0 | SKIP 0 | PASS 228 ]
    
     ══ Failed tests ════════════════════════════════════════════════════════════════
     ── Error (???): All x:NA removed ───────────────────────────────────────────────
     Error in `exclude_data(exclude_test_data, list(x = NA))`: non-interactive browser() -- left over from debugging?
     Backtrace:
     ▆
     1. ├─testthat::expect_true(...)
     2. │ └─testthat::quasi_label(enquo(object), label, arg = "object")
     3. │ └─rlang::eval_bare(expr, quo_get_env(quo))
     4. └─tangram:::exclude_data(exclude_test_data, list(x = NA))
     ── Error (???): All x:NA,2 removed ─────────────────────────────────────────────
     Error in `exclude_data(exclude_test_data, list(x = c(NA, 2)))`: non-interactive browser() -- left over from debugging?
     Backtrace:
     ▆
     1. ├─testthat::expect_true(...)
     2. │ └─testthat::quasi_label(enquo(object), label, arg = "object")
     3. │ └─rlang::eval_bare(expr, quo_get_env(quo))
     4. └─tangram:::exclude_data(exclude_test_data, list(x = c(NA, 2)))
     ── Error (???): All y:A removed ────────────────────────────────────────────────
     Error in `exclude_data(exclude_test_data, list(y = "A"))`: non-interactive browser() -- left over from debugging?
     Backtrace:
     ▆
     1. ├─testthat::expect_true(...)
     2. │ └─testthat::quasi_label(enquo(object), label, arg = "object")
     3. │ └─rlang::eval_bare(expr, quo_get_env(quo))
     4. └─tangram:::exclude_data(exclude_test_data, list(y = "A"))
     ── Error (???): y:A factor dropped ─────────────────────────────────────────────
     Error in `exclude_data(exclude_test_data, list(y = c("A")))`: non-interactive browser() -- left over from debugging?
     Backtrace:
     ▆
     1. ├─testthat::expect_true(...)
     2. │ └─testthat::quasi_label(enquo(object), label, arg = "object")
     3. │ └─rlang::eval_bare(expr, quo_get_env(quo))
     4. ├─base::levels(...)
     5. └─tangram:::exclude_data(exclude_test_data, list(y = c("A")))
     ── Error (???): All y:A,NA removed ─────────────────────────────────────────────
     Error in `exclude_data(exclude_test_data, list(y = c("A", NA)))`: non-interactive browser() -- left over from debugging?
     Backtrace:
     ▆
     1. ├─testthat::expect_true(...)
     2. │ └─testthat::quasi_label(enquo(object), label, arg = "object")
     3. │ └─rlang::eval_bare(expr, quo_get_env(quo))
     4. └─tangram:::exclude_data(exclude_test_data, list(y = c("A", NA)))
     ── Error (???): All y:A, z:Joe removed ─────────────────────────────────────────
     Error in `exclude_data(exclude_test_data, list(y = c("A"), x = "Joe"))`: non-interactive browser() -- left over from debugging?
     Backtrace:
     ▆
     1. ├─testthat::expect_true(...)
     2. │ └─testthat::quasi_label(enquo(object), label, arg = "object")
     3. │ └─rlang::eval_bare(expr, quo_get_env(quo))
     4. └─tangram:::exclude_data(exclude_test_data, list(y = c("A"), x = "Joe"))
     ── Error (???): All NA removed ─────────────────────────────────────────────────
     Error in `exclude_data(exclude_test_data, NA)`: non-interactive browser() -- left over from debugging?
     Backtrace:
     ▆
     1. ├─testthat::expect_true(...)
     2. │ └─testthat::quasi_label(enquo(object), label, arg = "object")
     3. │ └─rlang::eval_bare(expr, quo_get_env(quo))
     4. └─tangram:::exclude_data(exclude_test_data, NA)
     ── Error (???): All NaN removed ────────────────────────────────────────────────
     Error in `exclude_data(exclude_test_data, NaN)`: non-interactive browser() -- left over from debugging?
     Backtrace:
     ▆
     1. ├─testthat::expect_true(...)
     2. │ └─testthat::quasi_label(enquo(object), label, arg = "object")
     3. │ └─rlang::eval_bare(expr, quo_get_env(quo))
     4. └─tangram:::exclude_data(exclude_test_data, NaN)
     ── Error (???): All -Inf removed ───────────────────────────────────────────────
     Error in `exclude_data(exclude_test_data, -Inf)`: non-interactive browser() -- left over from debugging?
     Backtrace:
     ▆
     1. ├─testthat::expect_true(...)
     2. │ └─testthat::quasi_label(enquo(object), label, arg = "object")
     3. │ └─rlang::eval_bare(expr, quo_get_env(quo))
     4. └─tangram:::exclude_data(exclude_test_data, -Inf)
     ── Error (???): All 2 removed ──────────────────────────────────────────────────
     Error in `exclude_data(exclude_test_data, 2)`: non-interactive browser() -- left over from debugging?
     Backtrace:
     ▆
     1. ├─testthat::expect_true(...)
     2. │ └─testthat::quasi_label(enquo(object), label, arg = "object")
     3. │ └─rlang::eval_bare(expr, quo_get_env(quo))
     4. └─tangram:::exclude_data(exclude_test_data, 2)
     ── Error (???): All NA, NaN removed ────────────────────────────────────────────
     Error in `exclude_data(exclude_test_data, c(NA, NaN))`: non-interactive browser() -- left over from debugging?
     Backtrace:
     ▆
     1. ├─testthat::expect_true(...)
     2. │ └─testthat::quasi_label(enquo(object), label, arg = "object")
     3. │ └─rlang::eval_bare(expr, quo_get_env(quo))
     4. └─tangram:::exclude_data(exclude_test_data, c(NA, NaN))
    
     [ FAIL 11 | WARN 0 | SKIP 0 | PASS 228 ]
     Error: Test failures
     Execution halted
Flavors: r-devel-linux-x86_64-fedora-clang, r-devel-linux-x86_64-fedora-gcc

Version: 0.8.1
Check: for unstated dependencies in ‘tests’
Result: WARN
    Warning: unable to access index for repository https://bioconductor.org/packages/3.14/bioc/src/contrib:
     cannot open URL 'https://bioconductor.org/packages/3.14/bioc/src/contrib/PACKAGES'
    Warning: unable to access index for repository https://bioconductor.org/packages/3.14/data/annotation/src/contrib:
     cannot open URL 'https://bioconductor.org/packages/3.14/data/annotation/src/contrib/PACKAGES'
    Warning: unable to access index for repository https://bioconductor.org/packages/3.14/data/experiment/src/contrib:
     cannot open URL 'https://bioconductor.org/packages/3.14/data/experiment/src/contrib/PACKAGES'
Flavor: r-oldrel-windows-ix86+x86_64